Last updated on 2025-04-30 04:50:10 CEST.
Flavor | Version | Tinstall | Tcheck | Ttotal | Status | Flags |
---|---|---|---|---|---|---|
r-devel-linux-x86_64-debian-clang | 1.0.50 | 14.79 | 127.33 | 142.12 | NOTE | |
r-devel-linux-x86_64-debian-gcc | 1.0.60 | 9.72 | 97.79 | 107.51 | OK | |
r-devel-linux-x86_64-fedora-clang | 1.0.60 | 239.91 | OK | |||
r-devel-linux-x86_64-fedora-gcc | 1.0.60 | 244.31 | OK | |||
r-devel-windows-x86_64 | 1.0.60 | 18.00 | 157.00 | 175.00 | OK | |
r-patched-linux-x86_64 | 1.0.50 | 14.59 | 126.49 | 141.08 | OK | |
r-release-linux-x86_64 | 1.0.50 | 13.88 | 126.31 | 140.19 | OK | |
r-release-macos-arm64 | 1.0.60 | 77.00 | OK | |||
r-release-macos-x86_64 | 1.0.60 | 152.00 | OK | |||
r-release-windows-x86_64 | 1.0.60 | 17.00 | 143.00 | 160.00 | OK | |
r-oldrel-macos-arm64 | 1.0.60 | 77.00 | OK | |||
r-oldrel-macos-x86_64 | 1.0.60 | 163.00 | OK | |||
r-oldrel-windows-x86_64 | 1.0.50 | 19.00 | 188.00 | 207.00 | OK |
Version: 1.0.50
Check: examples
Result: NOTE
Examples with CPU (user + system) or elapsed time > 5s
user system elapsed
DT_technow 5.926 0.272 7.385
Flavor: r-devel-linux-x86_64-debian-clang