CRAN Package Check Results for Package lmfor

Last updated on 2025-04-30 04:50:10 CEST.

Flavor Version Tinstall Tcheck Ttotal Status Flags
r-devel-linux-x86_64-debian-clang 1.6 11.50 99.96 111.46 NOTE
r-devel-linux-x86_64-debian-gcc 1.6 8.50 71.96 80.46 NOTE
r-devel-linux-x86_64-fedora-clang 1.6 169.22 OK
r-devel-linux-x86_64-fedora-gcc 1.6 164.25 OK
r-devel-windows-x86_64 1.6 14.00 119.00 133.00 NOTE
r-patched-linux-x86_64 1.6 11.61 95.73 107.34 NOTE
r-release-linux-x86_64 1.6 10.05 95.37 105.42 NOTE
r-release-macos-arm64 1.6 52.00 OK
r-release-macos-x86_64 1.6 112.00 OK
r-release-windows-x86_64 1.6 13.00 122.00 135.00 NOTE
r-oldrel-macos-arm64 1.6 56.00 OK
r-oldrel-macos-x86_64 1.6 74.00 OK
r-oldrel-windows-x86_64 1.6 16.00 150.00 166.00 OK

Check Details

Version: 1.6
Check: CRAN incoming feasibility
Result: NOTE Maintainer: ‘Lauri Mehtatalo <lauri.mehtatalo@luke.fi>’ No Authors@R field in DESCRIPTION. Please add one, modifying Authors@R: c(person(given = "Lauri", family = "Mehtatalo", role = c("aut", "cre"), email = "lauri.mehtatalo@luke.fi"), person(given = "Kasper", family = "Kansanen", role = "aut")) as necessary. Flavors: r-devel-linux-x86_64-debian-clang, r-devel-linux-x86_64-debian-gcc

Version: 1.6
Check: Rd cross-references
Result: NOTE Found the following Rd file(s) with Rd \link{} targets missing package anchors: fithd.Rd: nlme, lme, gls, gnls Please provide package anchors for all Rd \link{} targets not in the package itself and the base packages. Flavors: r-devel-linux-x86_64-debian-clang, r-devel-linux-x86_64-debian-gcc, r-devel-windows-x86_64, r-patched-linux-x86_64, r-release-linux-x86_64, r-release-windows-x86_64

Version: 1.6
Check: examples
Result: NOTE Examples with CPU (user + system) or elapsed time > 5s user system elapsed stumplift 3.488 0.019 5.203 Flavor: r-devel-linux-x86_64-debian-clang