CRAN Package Check Results for Package lmreg

Last updated on 2025-04-30 04:50:10 CEST.

Flavor Version Tinstall Tcheck Ttotal Status Flags
r-devel-linux-x86_64-debian-clang 1.2 2.17 34.02 36.19 NOTE
r-devel-linux-x86_64-debian-gcc 1.2 1.75 26.85 28.60 NOTE
r-devel-linux-x86_64-fedora-clang 1.2 55.58 OK
r-devel-linux-x86_64-fedora-gcc 1.2 52.90 OK
r-devel-windows-x86_64 1.2 4.00 70.00 74.00 OK
r-patched-linux-x86_64 1.2 3.16 32.55 35.71 OK
r-release-linux-x86_64 1.2 2.18 32.39 34.57 OK
r-release-macos-arm64 1.2 23.00 OK
r-release-macos-x86_64 1.2 42.00 OK
r-release-windows-x86_64 1.2 5.00 71.00 76.00 OK
r-oldrel-macos-arm64 1.2 22.00 OK
r-oldrel-macos-x86_64 1.2 39.00 OK
r-oldrel-windows-x86_64 1.2 4.00 69.00 73.00 OK

Check Details

Version: 1.2
Check: CRAN incoming feasibility
Result: NOTE Maintainer: ‘Jinwen Qiu <qjwsnow_ctw@hotmail.com>’ No Authors@R field in DESCRIPTION. Please add one, modifying Authors@R: c(person(given = "Debasis", family = "Sengupta", role = "aut", email = "shairiksengupta@gmail.com"), person(given = c("S.", "Rao"), family = "Jammalamadaka", role = "aut", email = "rao@gmail.com"), person(given = "Jinwen", family = "Qiu", role = c("aut", "cre"), email = "qjwsnow_ctw@hotmail.com")) as necessary. File 'R/lmreg-internal.R' sets .Random.seed. This is usually neither needed nor wanted. Flavors: r-devel-linux-x86_64-debian-clang, r-devel-linux-x86_64-debian-gcc