CRAN Package Check Results for Package locStra

Last updated on 2025-04-30 04:50:10 CEST.

Flavor Version Tinstall Tcheck Ttotal Status Flags
r-devel-linux-x86_64-debian-clang 1.9 54.76 86.94 141.70 NOTE
r-devel-linux-x86_64-debian-gcc 1.9 48.02 65.86 113.88 NOTE
r-devel-linux-x86_64-fedora-clang 1.9 218.42 OK
r-devel-linux-x86_64-fedora-gcc 1.9 241.61 OK
r-devel-windows-x86_64 1.9 58.00 120.00 178.00 OK
r-patched-linux-x86_64 1.9 62.49 87.60 150.09 OK
r-release-linux-x86_64 1.9 58.73 86.90 145.63 OK
r-release-macos-arm64 1.9 64.00 OK
r-release-macos-x86_64 1.9 141.00 OK
r-release-windows-x86_64 1.9 57.00 117.00 174.00 OK
r-oldrel-macos-arm64 1.9 66.00 NOTE
r-oldrel-macos-x86_64 1.9 91.00 NOTE
r-oldrel-windows-x86_64 1.9 67.00 143.00 210.00 OK

Check Details

Version: 1.9
Check: CRAN incoming feasibility
Result: NOTE Maintainer: ‘Georg Hahn <ghahn@hsph.harvard.edu>’ No Authors@R field in DESCRIPTION. Please add one, modifying Authors@R: c(person(given = "Georg", family = "Hahn", role = c("aut", "cre"), email = "ghahn@hsph.harvard.edu"), person(given = c("Sharon", "M."), family = "Lutz", role = "ctb"), person(given = "Christoph", family = "Lange", role = "ctb")) as necessary. Flavors: r-devel-linux-x86_64-debian-clang, r-devel-linux-x86_64-debian-gcc

Version: 1.9
Check: installed package size
Result: NOTE installed size is 27.9Mb sub-directories of 1Mb or more: libs 27.8Mb Flavors: r-oldrel-macos-arm64, r-oldrel-macos-x86_64