CRAN Package Check Results for Package localIV

Last updated on 2025-04-30 04:50:10 CEST.

Flavor Version Tinstall Tcheck Ttotal Status Flags
r-devel-linux-x86_64-debian-clang 0.3.1 3.01 41.36 44.37 NOTE
r-devel-linux-x86_64-debian-gcc 0.3.1 2.17 31.53 33.70 NOTE
r-devel-linux-x86_64-fedora-clang 0.3.1 65.60 NOTE
r-devel-linux-x86_64-fedora-gcc 0.3.1 63.54 NOTE
r-devel-windows-x86_64 0.3.1 4.00 62.00 66.00 NOTE
r-patched-linux-x86_64 0.3.1 2.98 38.24 41.22 NOTE
r-release-linux-x86_64 0.3.1 2.68 38.54 41.22 NOTE
r-release-macos-arm64 0.3.1 29.00 NOTE
r-release-macos-x86_64 0.3.1 45.00 NOTE
r-release-windows-x86_64 0.3.1 5.00 61.00 66.00 NOTE
r-oldrel-macos-arm64 0.3.1 29.00 NOTE
r-oldrel-macos-x86_64 0.3.1 38.00 NOTE
r-oldrel-windows-x86_64 0.3.1 5.00 67.00 72.00 NOTE

Check Details

Version: 0.3.1
Check: CRAN incoming feasibility
Result: NOTE Maintainer: ‘Xiang Zhou <xiang_zhou@fas.harvard.edu>’ The BugReports field in DESCRIPTION has https://github.com/xiangzhou09/localIV which should likely be https://github.com/xiangzhou09/localIV/issues instead. Flavors: r-devel-linux-x86_64-debian-clang, r-devel-linux-x86_64-debian-gcc

Version: 0.3.1
Check: Rd files
Result: NOTE checkRd: (-1) mte_tilde_at.Rd:23: Lost braces in \itemize; \value handles \item{}{} directly checkRd: (-1) mte_tilde_at.Rd:24: Lost braces in \itemize; \value handles \item{}{} directly checkRd: (-1) mte_tilde_at.Rd:25: Lost braces in \itemize; \value handles \item{}{} directly checkRd: (-1) mte_tilde_at.Rd:26: Lost braces in \itemize; \value handles \item{}{} directly checkRd: (-1) mte_tilde_at.Rd:27: Lost braces in \itemize; \value handles \item{}{} directly Flavors: r-devel-linux-x86_64-debian-clang, r-devel-linux-x86_64-debian-gcc, r-devel-linux-x86_64-fedora-clang, r-devel-linux-x86_64-fedora-gcc, r-devel-windows-x86_64, r-patched-linux-x86_64, r-release-linux-x86_64, r-release-macos-arm64, r-release-macos-x86_64, r-release-windows-x86_64, r-oldrel-macos-arm64, r-oldrel-macos-x86_64, r-oldrel-windows-x86_64

Version: 0.3.1
Check: examples
Result: NOTE Examples with CPU (user + system) or elapsed time > 5s user system elapsed mte_tilde_at 5.025 0.11 6.863 Flavor: r-devel-linux-x86_64-debian-clang