Last updated on 2025-07-05 04:50:18 CEST.
Flavor | Version | Tinstall | Tcheck | Ttotal | Status | Flags |
---|---|---|---|---|---|---|
r-devel-linux-x86_64-debian-clang | 2.0.3 | 64.88 | 917.11 | 981.99 | OK | |
r-devel-linux-x86_64-debian-gcc | 2.0.3 | 57.75 | 491.54 | 549.29 | OK | |
r-devel-linux-x86_64-fedora-clang | 2.0.3 | 1665.63 | OK | |||
r-devel-linux-x86_64-fedora-gcc | 2.0.3 | 1652.55 | OK | |||
r-devel-windows-x86_64 | 2.0.3 | 72.00 | 785.00 | 857.00 | OK | |
r-patched-linux-x86_64 | 2.0.3 | 81.19 | 871.54 | 952.73 | OK | |
r-release-linux-x86_64 | 2.0.3 | 77.09 | 865.94 | 943.03 | OK | |
r-release-macos-arm64 | 2.0.3 | 366.00 | OK | |||
r-release-macos-x86_64 | 2.0.3 | 1050.00 | OK | |||
r-release-windows-x86_64 | 2.0.3 | 72.00 | 796.00 | 868.00 | OK | |
r-oldrel-macos-arm64 | 2.0.3 | 335.00 | NOTE | |||
r-oldrel-macos-x86_64 | 2.0.3 | 1077.00 | NOTE | |||
r-oldrel-windows-x86_64 | 2.0.3 | 89.00 | 1101.00 | 1190.00 | OK |
Version: 2.0.3
Check: installed package size
Result: NOTE
installed size is 33.1Mb
sub-directories of 1Mb or more:
libs 32.3Mb
Flavors: r-oldrel-macos-arm64, r-oldrel-macos-x86_64