CRAN Package Check Results for Package locpolExpectile

Last updated on 2025-04-30 04:50:10 CEST.

Flavor Version Tinstall Tcheck Ttotal Status Flags
r-devel-linux-x86_64-debian-clang 0.1.1 12.93 99.97 112.90 NOTE
r-devel-linux-x86_64-debian-gcc 0.1.1 9.56 72.75 82.31 NOTE
r-devel-linux-x86_64-fedora-clang 0.1.1 175.05 NOTE
r-devel-linux-x86_64-fedora-gcc 0.1.1 165.53 NOTE
r-devel-windows-x86_64 0.1.1 13.00 107.00 120.00 OK
r-patched-linux-x86_64 0.1.1 12.04 94.10 106.14 OK
r-release-linux-x86_64 0.1.1 11.73 95.25 106.98 OK
r-release-macos-arm64 0.1.1 63.00 OK
r-release-macos-x86_64 0.1.1 125.00 OK
r-release-windows-x86_64 0.1.1 14.00 107.00 121.00 OK
r-oldrel-macos-arm64 0.1.1 51.00 OK
r-oldrel-macos-x86_64 0.1.1 78.00 OK
r-oldrel-windows-x86_64 0.1.1 15.00 127.00 142.00 OK

Check Details

Version: 0.1.1
Check: CRAN incoming feasibility
Result: NOTE Maintainer: ‘Cécile Adam <cecile.adam@kuleuven.be>’ No Authors@R field in DESCRIPTION. Please add one, modifying Authors@R: person(given = "Cécile", family = "Adam", role = c("aut", "cre"), email = "cecile.adam@kuleuven.be") as necessary. Flavors: r-devel-linux-x86_64-debian-clang, r-devel-linux-x86_64-debian-gcc

Version: 0.1.1
Check: dependencies in R code
Result: NOTE Namespace in Imports field not imported from: ‘lestat’ All declared Imports should be used. Flavors: r-devel-linux-x86_64-fedora-clang, r-devel-linux-x86_64-fedora-gcc