CRAN Package Check Results for Package locuszoomr

Last updated on 2025-04-30 04:50:10 CEST.

Flavor Version Tinstall Tcheck Ttotal Status Flags
r-devel-linux-x86_64-debian-clang 0.3.8 52.51 477.21 529.72 OK
r-devel-linux-x86_64-debian-gcc 0.3.8 38.44 353.95 392.39 OK
r-devel-linux-x86_64-fedora-clang 0.3.8 868.83 OK
r-devel-linux-x86_64-fedora-gcc 0.3.8 792.22 OK
r-devel-windows-x86_64 0.3.8 53.00 409.00 462.00 OK
r-patched-linux-x86_64 0.3.8 47.54 456.66 504.20 OK
r-release-linux-x86_64 0.3.8 51.34 456.13 507.47 OK
r-release-macos-arm64 0.3.8 197.00 OK
r-release-macos-x86_64 0.3.8 369.00 OK
r-release-windows-x86_64 0.3.8 51.00 384.00 435.00 OK
r-oldrel-macos-arm64 0.3.8 199.00 NOTE
r-oldrel-macos-x86_64 0.3.8 367.00 NOTE
r-oldrel-windows-x86_64 0.3.8 66.00 543.00 609.00 OK

Check Details

Version: 0.3.8
Check: package dependencies
Result: NOTE Package suggested but not available for checking: ‘EnsDb.Hsapiens.v75’ Flavors: r-oldrel-macos-arm64, r-oldrel-macos-x86_64