Last updated on 2025-04-30 04:50:10 CEST.
Flavor | Version | Tinstall | Tcheck | Ttotal | Status | Flags |
---|---|---|---|---|---|---|
r-devel-linux-x86_64-debian-clang | 0.1.0 | 3.28 | 82.98 | 86.26 | NOTE | |
r-devel-linux-x86_64-debian-gcc | 0.1.0 | 2.49 | 56.47 | 58.96 | NOTE | |
r-devel-linux-x86_64-fedora-clang | 0.1.0 | 131.61 | NOTE | |||
r-devel-linux-x86_64-fedora-gcc | 0.1.0 | 137.00 | NOTE | |||
r-devel-windows-x86_64 | 0.1.0 | 6.00 | 95.00 | 101.00 | NOTE | |
r-patched-linux-x86_64 | 0.1.0 | 3.58 | 76.55 | 80.13 | NOTE | |
r-release-linux-x86_64 | 0.1.0 | 2.33 | 75.85 | 78.18 | NOTE | |
r-release-macos-arm64 | 0.1.0 | 52.00 | NOTE | |||
r-release-macos-x86_64 | 0.1.0 | 96.00 | NOTE | |||
r-release-windows-x86_64 | 0.1.0 | 7.00 | 98.00 | 105.00 | NOTE | |
r-oldrel-macos-arm64 | 0.1.0 | 46.00 | NOTE | |||
r-oldrel-macos-x86_64 | 0.1.0 | 78.00 | NOTE | |||
r-oldrel-windows-x86_64 | 0.1.0 | 6.00 | 122.00 | 128.00 | NOTE |
Version: 0.1.0
Check: Rd files
Result: NOTE
checkRd: (-1) SSE_GIA.Rd:13: Lost braces in \itemize; meant \describe ?
checkRd: (-1) SSE_GIA.Rd:14: Lost braces in \itemize; meant \describe ?
checkRd: (-1) SSE_GIA.Rd:15: Lost braces in \itemize; meant \describe ?
checkRd: (-1) boot_GIA.Rd:24: Lost braces in \itemize; meant \describe ?
checkRd: (-1) boot_GIA.Rd:25: Lost braces in \itemize; meant \describe ?
checkRd: (-1) boot_GIA.Rd:26: Lost braces in \itemize; meant \describe ?
checkRd: (-1) boot_GIA.Rd:46: Lost braces in \itemize; \value handles \item{}{} directly
checkRd: (-1) boot_GIA.Rd:47: Lost braces in \itemize; \value handles \item{}{} directly
checkRd: (-1) boot_GIA.Rd:48: Lost braces in \itemize; \value handles \item{}{} directly
checkRd: (-1) cyrpa_ripr.Rd:17: Lost braces
17 | \item{exp{x}{y}rep{z}}{the results from experiment x, sub item y, repetition z}
| ^
checkRd: (-1) cyrpa_ripr.Rd:17: Lost braces
17 | \item{exp{x}{y}rep{z}}{the results from experiment x, sub item y, repetition z}
| ^
checkRd: (-1) cyrpa_ripr.Rd:17: Lost braces
17 | \item{exp{x}{y}rep{z}}{the results from experiment x, sub item y, repetition z}
| ^
checkRd: (-1) estimate_params.Rd:22: Lost braces in \itemize; meant \describe ?
checkRd: (-1) estimate_params.Rd:23: Lost braces in \itemize; meant \describe ?
checkRd: (-1) estimate_params.Rd:24: Lost braces in \itemize; meant \describe ?
checkRd: (-1) estimate_params.Rd:44: Lost braces in \itemize; \value handles \item{}{} directly
checkRd: (-1) estimate_params.Rd:45: Lost braces in \itemize; \value handles \item{}{} directly
checkRd: (-1) estimate_params.Rd:46: Lost braces in \itemize; \value handles \item{}{} directly
checkRd: (-1) estimate_params.Rd:47: Lost braces in \itemize; \value handles \item{}{} directly
checkRd: (-1) rh5_ama1ron2.Rd:12: Lost braces
12 | \item{exp{x}{y}rep{z}}{the results from experiment x, sub item y, repetition z}
| ^
checkRd: (-1) rh5_ama1ron2.Rd:12: Lost braces
12 | \item{exp{x}{y}rep{z}}{the results from experiment x, sub item y, repetition z}
| ^
checkRd: (-1) rh5_ama1ron2.Rd:12: Lost braces
12 | \item{exp{x}{y}rep{z}}{the results from experiment x, sub item y, repetition z}
| ^
Flavors: r-devel-linux-x86_64-debian-clang, r-devel-linux-x86_64-debian-gcc, r-devel-linux-x86_64-fedora-clang, r-devel-linux-x86_64-fedora-gcc, r-devel-windows-x86_64, r-patched-linux-x86_64, r-release-linux-x86_64, r-release-macos-arm64, r-release-macos-x86_64, r-release-windows-x86_64, r-oldrel-macos-arm64, r-oldrel-macos-x86_64, r-oldrel-windows-x86_64
Version: 0.1.0
Check: examples
Result: NOTE
Examples with CPU (user + system) or elapsed time > 5s
user system elapsed
plot_isobologram 4.525 0.048 6.098
Flavor: r-devel-linux-x86_64-debian-clang