CRAN Package Check Results for Package lofifonts

Last updated on 2025-04-30 04:50:10 CEST.

Flavor Version Tinstall Tcheck Ttotal Status Flags
r-devel-linux-x86_64-debian-clang 0.1.3 13.09 97.12 110.21 NOTE
r-devel-linux-x86_64-debian-gcc 0.1.3 10.61 64.68 75.29 NOTE
r-devel-linux-x86_64-fedora-clang 0.1.3 172.66 NOTE
r-devel-linux-x86_64-fedora-gcc 0.1.3 176.80 NOTE
r-devel-windows-x86_64 0.1.3 14.00 108.00 122.00 NOTE
r-patched-linux-x86_64 0.1.3 13.18 92.95 106.13 NOTE
r-release-linux-x86_64 0.1.3 12.24 92.01 104.25 NOTE
r-release-macos-arm64 0.1.3 66.00 NOTE
r-release-macos-x86_64 0.1.3 115.00 NOTE
r-release-windows-x86_64 0.1.3 14.00 107.00 121.00 NOTE
r-oldrel-macos-arm64 0.1.3 76.00 OK
r-oldrel-macos-x86_64 0.1.3 147.00 OK
r-oldrel-windows-x86_64 0.1.3 14.00 137.00 151.00 OK

Check Details

Version: 0.1.3
Check: DESCRIPTION meta-information
Result: NOTE Missing dependency on R >= 4.1.0 because package code uses the pipe |> or function shorthand \(...) syntax added in R 4.1.0. File(s) using such syntax: ‘bittermelon.R’ ‘lofi.Rd’ Flavors: r-devel-linux-x86_64-debian-clang, r-devel-linux-x86_64-debian-gcc, r-devel-linux-x86_64-fedora-clang, r-devel-linux-x86_64-fedora-gcc, r-devel-windows-x86_64, r-patched-linux-x86_64, r-release-linux-x86_64, r-release-macos-arm64, r-release-macos-x86_64, r-release-windows-x86_64