CRAN Package Check Results for Package logOfGamma

Last updated on 2025-04-30 04:50:10 CEST.

Flavor Version Tinstall Tcheck Ttotal Status Flags
r-devel-linux-x86_64-debian-clang 0.0.1 1.51 18.25 19.76 NOTE
r-devel-linux-x86_64-debian-gcc 0.0.1 1.34 15.10 16.44 NOTE
r-devel-linux-x86_64-fedora-clang 0.0.1 30.69 OK
r-devel-linux-x86_64-fedora-gcc 0.0.1 29.18 OK
r-devel-windows-x86_64 0.0.1 2.00 42.00 44.00 OK
r-patched-linux-x86_64 0.0.1 1.31 17.47 18.78 OK
r-release-linux-x86_64 0.0.1 1.36 17.38 18.74 OK
r-release-macos-arm64 0.0.1 16.00 OK
r-release-macos-x86_64 0.0.1 33.00 OK
r-release-windows-x86_64 0.0.1 3.00 42.00 45.00 OK
r-oldrel-macos-arm64 0.0.1 23.00 OK
r-oldrel-macos-x86_64 0.0.1 21.00 OK
r-oldrel-windows-x86_64 0.0.1 2.00 41.00 43.00 OK

Check Details

Version: 0.0.1
Check: CRAN incoming feasibility
Result: NOTE Maintainer: ‘Phillip Labuschagne <philliplab@gmail.com>’ No Authors@R field in DESCRIPTION. Please add one, modifying Authors@R: person(given = "Phillip", family = "Labuschagne", role = c("aut", "cre"), email = "philliplab@gmail.com") as necessary. Flavors: r-devel-linux-x86_64-debian-clang, r-devel-linux-x86_64-debian-gcc