CRAN Package Check Results for Package logcondens

Last updated on 2025-04-30 04:50:10 CEST.

Flavor Version Tinstall Tcheck Ttotal Status Flags
r-devel-linux-x86_64-debian-clang 2.1.8 9.00 88.55 97.55 NOTE
r-devel-linux-x86_64-debian-gcc 2.1.8 6.41 64.62 71.03 NOTE
r-devel-linux-x86_64-fedora-clang 2.1.8 151.25 OK
r-devel-linux-x86_64-fedora-gcc 2.1.8 157.75 OK
r-devel-windows-x86_64 2.1.8 10.00 126.00 136.00 OK
r-patched-linux-x86_64 2.1.8 9.96 85.58 95.54 OK
r-release-linux-x86_64 2.1.8 7.82 84.87 92.69 OK
r-release-macos-arm64 2.1.8 64.00 OK
r-release-macos-x86_64 2.1.8 99.00 OK
r-release-windows-x86_64 2.1.8 11.00 124.00 135.00 OK
r-oldrel-macos-arm64 2.1.8 52.00 OK
r-oldrel-macos-x86_64 2.1.8 80.00 OK
r-oldrel-windows-x86_64 2.1.8 12.00 145.00 157.00 OK

Check Details

Version: 2.1.8
Check: CRAN incoming feasibility
Result: NOTE Maintainer: ‘Kaspar Rufibach <kaspar.rufibach@gmail.com>’ No Authors@R field in DESCRIPTION. Please add one, modifying Authors@R: c(person(given = "Kaspar", family = "Rufibach", role = c("aut", "cre"), email = "kaspar.rufibach@gmail.com"), person(given = "Lutz", family = "Duembgen", role = "aut", email = "duembgen@stat.unibe.ch")) as necessary. Flavors: r-devel-linux-x86_64-debian-clang, r-devel-linux-x86_64-debian-gcc