Last updated on 2025-04-30 04:50:10 CEST.
Flavor | Version | Tinstall | Tcheck | Ttotal | Status | Flags |
---|---|---|---|---|---|---|
r-devel-linux-x86_64-debian-clang | 1.0.6 | 7.46 | 67.24 | 74.70 | NOTE | |
r-devel-linux-x86_64-debian-gcc | 1.0.6 | 5.87 | 49.79 | 55.66 | NOTE | |
r-devel-linux-x86_64-fedora-clang | 1.0.6 | 117.09 | OK | |||
r-devel-linux-x86_64-fedora-gcc | 1.0.6 | 109.32 | OK | |||
r-devel-windows-x86_64 | 1.0.6 | 9.00 | 83.00 | 92.00 | OK | |
r-patched-linux-x86_64 | 1.0.6 | 8.75 | 64.54 | 73.29 | OK | |
r-release-linux-x86_64 | 1.0.6 | 7.15 | 65.09 | 72.24 | OK | |
r-release-macos-arm64 | 1.0.6 | 44.00 | OK | |||
r-release-macos-x86_64 | 1.0.6 | 103.00 | OK | |||
r-release-windows-x86_64 | 1.0.6 | 9.00 | 78.00 | 87.00 | OK | |
r-oldrel-macos-arm64 | 1.0.6 | 37.00 | OK | |||
r-oldrel-macos-x86_64 | 1.0.6 | 56.00 | OK | |||
r-oldrel-windows-x86_64 | 1.0.6 | 11.00 | 98.00 | 109.00 | OK |
Version: 1.0.6
Check: CRAN incoming feasibility
Result: NOTE
Maintainer: ‘Kaspar Rufibach <kaspar.rufibach@gmail.com>’
No Authors@R field in DESCRIPTION.
Please add one, modifying
Authors@R: c(person(given = "Kaspar",
family = "Rufibach",
role = c("aut", "cre"),
email = "kaspar.rufibach@gmail.com"),
person(given = "Fadoua",
family = "Balabdaoui",
role = "aut",
email = "fadoua@ceremade.dauphine.fr"),
person(given = "Hanna",
family = "Jankowski",
role = "aut",
email = "hkj@mathstat.yorku.ca"),
person(given = "Kathrin",
family = "Weyermann",
role = "aut",
email = "kathrin.weyermann@bkw-fmb.ch"))
as necessary.
Flavors: r-devel-linux-x86_64-debian-clang, r-devel-linux-x86_64-debian-gcc