Last updated on 2025-04-30 04:50:10 CEST.
Flavor | Version | Tinstall | Tcheck | Ttotal | Status | Flags |
---|---|---|---|---|---|---|
r-devel-linux-x86_64-debian-clang | 0.3 | 7.57 | 62.63 | 70.20 | NOTE | |
r-devel-linux-x86_64-debian-gcc | 0.3 | 5.19 | 47.17 | 52.36 | NOTE | |
r-devel-linux-x86_64-fedora-clang | 0.3 | 110.44 | OK | |||
r-devel-linux-x86_64-fedora-gcc | 0.3 | 116.41 | OK | |||
r-devel-windows-x86_64 | 0.3 | 9.00 | 99.00 | 108.00 | OK | |
r-patched-linux-x86_64 | 0.3 | 7.27 | 59.27 | 66.54 | OK | |
r-release-linux-x86_64 | 0.3 | 7.53 | 59.37 | 66.90 | OK | |
r-release-macos-arm64 | 0.3 | 69.00 | OK | |||
r-release-macos-x86_64 | 0.3 | 95.00 | OK | |||
r-release-windows-x86_64 | 0.3 | 9.00 | 98.00 | 107.00 | OK | |
r-oldrel-macos-arm64 | 0.3 | 52.00 | OK | |||
r-oldrel-macos-x86_64 | 0.3 | 75.00 | OK | |||
r-oldrel-windows-x86_64 | 0.3 | 10.00 | 123.00 | 133.00 | OK |
Version: 0.3
Check: CRAN incoming feasibility
Result: NOTE
Maintainer: ‘Sneha Tody <sn.tody1@gmail.com>’
No Authors@R field in DESCRIPTION.
Please add one, modifying
Authors@R: person(given = "Sneha",
family = "Tody",
role = c("aut", "cre"),
email = "sn.tody1@gmail.com")
as necessary.
Flavors: r-devel-linux-x86_64-debian-clang, r-devel-linux-x86_64-debian-gcc
Version: 0.3
Check: examples
Result: NOTE
Examples with CPU (user + system) or elapsed time > 5s
user system elapsed
binTest 0.079 0.02 5.667
Flavor: r-devel-linux-x86_64-debian-clang