Last updated on 2025-04-30 04:50:10 CEST.
Flavor | Version | Tinstall | Tcheck | Ttotal | Status | Flags |
---|---|---|---|---|---|---|
r-devel-linux-x86_64-debian-clang | 1.0 | 5.48 | 48.69 | 54.17 | NOTE | |
r-devel-linux-x86_64-debian-gcc | 1.0 | 4.09 | 34.49 | 38.58 | NOTE | |
r-devel-linux-x86_64-fedora-clang | 1.0 | 75.63 | OK | |||
r-devel-linux-x86_64-fedora-gcc | 1.0 | 71.44 | OK | |||
r-devel-windows-x86_64 | 1.0 | 7.00 | 63.00 | 70.00 | OK | |
r-patched-linux-x86_64 | 1.0 | 4.90 | 45.22 | 50.12 | OK | |
r-release-linux-x86_64 | 1.0 | 4.52 | 45.16 | 49.68 | OK | |
r-release-macos-arm64 | 1.0 | 29.00 | OK | |||
r-release-macos-x86_64 | 1.0 | 49.00 | OK | |||
r-release-windows-x86_64 | 1.0 | 7.00 | 63.00 | 70.00 | OK | |
r-oldrel-macos-arm64 | 1.0 | 25.00 | OK | |||
r-oldrel-macos-x86_64 | 1.0 | 47.00 | OK | |||
r-oldrel-windows-x86_64 | 1.0 | 9.00 | 76.00 | 85.00 | OK |
Version: 1.0
Check: CRAN incoming feasibility
Result: NOTE
Maintainer: ‘Marcelino de la Cruz <marcelino.delacruz@urjc.es>’
No Authors@R field in DESCRIPTION.
Please add one, modifying
Authors@R: person(given = "Marcelino",
family = "de la Cruz",
role = c("aut", "cre"),
email = "marcelino.delacruz@urjc.es")
as necessary.
Flavors: r-devel-linux-x86_64-debian-clang, r-devel-linux-x86_64-debian-gcc
Version: 1.0
Check: examples
Result: NOTE
Examples with CPU (user + system) or elapsed time > 5s
user system elapsed
logihist 5.33 0.18 7.697
Flavor: r-devel-linux-x86_64-debian-clang