Last updated on 2025-04-30 04:50:10 CEST.
Flavor | Version | Tinstall | Tcheck | Ttotal | Status | Flags |
---|---|---|---|---|---|---|
r-devel-linux-x86_64-debian-clang | 0.3.0 | 2.81 | 41.93 | 44.74 | NOTE | |
r-devel-linux-x86_64-debian-gcc | 0.3.0 | 2.11 | 30.42 | 32.53 | NOTE | |
r-devel-linux-x86_64-fedora-clang | 0.3.0 | 69.94 | OK | |||
r-devel-linux-x86_64-fedora-gcc | 0.3.0 | 80.22 | OK | |||
r-devel-windows-x86_64 | 0.3.0 | 4.00 | 61.00 | 65.00 | OK | |
r-patched-linux-x86_64 | 0.3.0 | 3.54 | 38.66 | 42.20 | OK | |
r-release-linux-x86_64 | 0.3.0 | 2.60 | 39.34 | 41.94 | OK | |
r-release-macos-arm64 | 0.3.0 | 33.00 | OK | |||
r-release-macos-x86_64 | 0.3.0 | 55.00 | OK | |||
r-release-windows-x86_64 | 0.3.0 | 4.00 | 61.00 | 65.00 | OK | |
r-oldrel-macos-arm64 | 0.3.0 | 27.00 | NOTE | |||
r-oldrel-macos-x86_64 | 0.3.0 | 44.00 | NOTE | |||
r-oldrel-windows-x86_64 | 0.3.0 | 4.00 | 68.00 | 72.00 | NOTE |
Version: 0.3.0
Check: CRAN incoming feasibility
Result: NOTE
Maintainer: ‘Youjin Lee <youjin.lee@pennmedicine.upenn.edu>’
No Authors@R field in DESCRIPTION.
Please add one, modifying
Authors@R: person(given = "Youjin",
family = "Lee",
role = c("aut", "cre"),
email = "youjin.lee@pennmedicine.upenn.edu")
as necessary.
Flavors: r-devel-linux-x86_64-debian-clang, r-devel-linux-x86_64-debian-gcc
Version: 0.3.0
Check: examples
Result: NOTE
Examples with CPU (user + system) or elapsed time > 5s
user system elapsed
multinRR 4.26 0 5.999
Flavor: r-devel-linux-x86_64-debian-clang
Version: 0.3.0
Check: LazyData
Result: NOTE
'LazyData' is specified without a 'data' directory
Flavors: r-oldrel-macos-arm64, r-oldrel-macos-x86_64, r-oldrel-windows-x86_64