Last updated on 2025-04-30 04:50:10 CEST.
Flavor | Version | Tinstall | Tcheck | Ttotal | Status | Flags |
---|---|---|---|---|---|---|
r-devel-linux-x86_64-debian-clang | 0.3.2.6 | 13.84 | 99.69 | 113.53 | NOTE | |
r-devel-linux-x86_64-debian-gcc | 0.3.2.6 | 8.63 | 69.45 | 78.08 | OK | |
r-devel-linux-x86_64-fedora-clang | 0.3.2.6 | 160.81 | OK | |||
r-devel-linux-x86_64-fedora-gcc | 0.3.2.6 | 154.55 | OK | |||
r-devel-windows-x86_64 | 0.3.2.6 | 13.00 | 102.00 | 115.00 | OK | |
r-patched-linux-x86_64 | 0.3.2.6 | 11.96 | 94.10 | 106.06 | OK | |
r-release-linux-x86_64 | 0.3.2.6 | 10.41 | 91.98 | 102.39 | OK | |
r-release-macos-arm64 | 0.3.2.6 | 46.00 | OK | |||
r-release-macos-x86_64 | 0.3.2.6 | 94.00 | OK | |||
r-release-windows-x86_64 | 0.3.2.6 | 13.00 | 97.00 | 110.00 | OK | |
r-oldrel-macos-arm64 | 0.3.2.6 | 45.00 | OK | |||
r-oldrel-macos-x86_64 | 0.3.2.6 | 69.00 | OK | |||
r-oldrel-windows-x86_64 | 0.3.2.6 | 16.00 | 126.00 | 142.00 | OK |
Version: 0.3.2.6
Check: examples
Result: NOTE
Examples with CPU (user + system) or elapsed time > 5s
user system elapsed
longitudinalcascade 6.056 0.177 7.14
Flavor: r-devel-linux-x86_64-debian-clang