Last updated on 2025-04-30 04:50:10 CEST.
Flavor | Version | Tinstall | Tcheck | Ttotal | Status | Flags |
---|---|---|---|---|---|---|
r-devel-linux-x86_64-debian-clang | 0.0.1.0 | 2.41 | 365.86 | 368.27 | NOTE | |
r-devel-linux-x86_64-debian-gcc | 0.0.1.0 | 2.10 | 309.57 | 311.67 | NOTE | |
r-devel-linux-x86_64-fedora-clang | 0.0.1.0 | 529.40 | OK | |||
r-devel-linux-x86_64-fedora-gcc | 0.0.1.0 | 688.70 | OK | |||
r-devel-windows-x86_64 | 0.0.1.0 | 5.00 | 617.00 | 622.00 | OK | |
r-patched-linux-x86_64 | 0.0.1.0 | 2.75 | 419.56 | 422.31 | OK | |
r-release-linux-x86_64 | 0.0.1.0 | 2.28 | 418.12 | 420.40 | OK | |
r-release-macos-arm64 | 0.0.1.0 | 168.00 | OK | |||
r-release-macos-x86_64 | 0.0.1.0 | 552.00 | OK | |||
r-release-windows-x86_64 | 0.0.1.0 | 4.00 | 580.00 | 584.00 | OK | |
r-oldrel-macos-arm64 | 0.0.1.0 | 137.00 | OK | |||
r-oldrel-macos-x86_64 | 0.0.1.0 | 249.00 | OK | |||
r-oldrel-windows-x86_64 | 0.0.1.0 | 4.00 | 481.00 | 485.00 | OK |
Version: 0.0.1.0
Check: examples
Result: NOTE
Examples with CPU (user + system) or elapsed time > 5s
user system elapsed
lorad_estimate 8.714 0.309 10.786
Flavor: r-devel-linux-x86_64-debian-clang
Version: 0.0.1.0
Check: examples
Result: NOTE
Examples with CPU (user + system) or elapsed time > 5s
user system elapsed
lorad_estimate 6.038 0.119 6.978
Flavor: r-devel-linux-x86_64-debian-gcc