Last updated on 2025-04-30 04:50:10 CEST.
Flavor | Version | Tinstall | Tcheck | Ttotal | Status | Flags |
---|---|---|---|---|---|---|
r-devel-linux-x86_64-debian-clang | 2.5 | 9.34 | 80.18 | 89.52 | NOTE | |
r-devel-linux-x86_64-debian-gcc | 2.5 | 5.60 | 52.32 | 57.92 | OK | |
r-devel-linux-x86_64-fedora-clang | 2.5 | 131.69 | OK | |||
r-devel-linux-x86_64-fedora-gcc | 2.5 | 126.16 | OK | |||
r-devel-windows-x86_64 | 2.5 | 11.00 | 106.00 | 117.00 | OK | |
r-patched-linux-x86_64 | 2.5 | 9.25 | 73.56 | 82.81 | OK | |
r-release-linux-x86_64 | 2.5 | 6.77 | 73.47 | 80.24 | OK | |
r-release-macos-arm64 | 2.5 | 43.00 | OK | |||
r-release-macos-x86_64 | 2.5 | 72.00 | OK | |||
r-release-windows-x86_64 | 2.5 | 11.00 | 92.00 | 103.00 | OK | |
r-oldrel-macos-arm64 | 2.5 | 37.00 | OK | |||
r-oldrel-macos-x86_64 | 2.5 | 59.00 | OK | |||
r-oldrel-windows-x86_64 | 2.5 | 12.00 | 110.00 | 122.00 | OK |
Version: 2.5
Check: examples
Result: NOTE
Examples with CPU (user + system) or elapsed time > 5s
user system elapsed
plot.lpdensity 6.215 0.047 7.132
Flavor: r-devel-linux-x86_64-debian-clang