Last updated on 2025-04-30 04:50:10 CEST.
Flavor | Version | Tinstall | Tcheck | Ttotal | Status | Flags |
---|---|---|---|---|---|---|
r-devel-linux-x86_64-debian-clang | 0.2.4 | 91.14 | 173.20 | 264.34 | OK | |
r-devel-linux-x86_64-debian-gcc | 0.2.4 | 63.26 | 119.00 | 182.26 | OK | |
r-devel-linux-x86_64-fedora-clang | 0.2.4 | 494.81 | OK | |||
r-devel-linux-x86_64-fedora-gcc | 0.2.4 | 433.47 | OK | |||
r-devel-windows-x86_64 | 0.2.4 | 104.00 | 274.00 | 378.00 | OK | |
r-patched-linux-x86_64 | 0.2.4 | 89.95 | 163.22 | 253.17 | OK | |
r-release-linux-x86_64 | 0.2.4 | 88.08 | 162.33 | 250.41 | OK | |
r-release-macos-arm64 | 0.2.4 | 196.00 | OK | |||
r-release-macos-x86_64 | 0.2.4 | 261.00 | OK | |||
r-release-windows-x86_64 | 0.2.4 | 104.00 | 273.00 | 377.00 | OK | |
r-oldrel-macos-arm64 | 0.2.4 | 152.00 | NOTE | |||
r-oldrel-macos-x86_64 | 0.2.4 | 259.00 | NOTE | |||
r-oldrel-windows-x86_64 | 0.2.4 | 116.00 | 380.00 | 496.00 | OK |
Version: 0.2.4
Check: installed package size
Result: NOTE
installed size is 5.1Mb
sub-directories of 1Mb or more:
libs 3.8Mb
Flavors: r-oldrel-macos-arm64, r-oldrel-macos-x86_64