CRAN Package Check Results for Package lqr

Last updated on 2025-04-30 04:50:10 CEST.

Flavor Version Tinstall Tcheck Ttotal Status Flags
r-devel-linux-x86_64-debian-clang 5.2 13.20 80.02 93.22 NOTE
r-devel-linux-x86_64-debian-gcc 5.2 7.66 57.77 65.43 NOTE
r-devel-linux-x86_64-fedora-clang 5.2 143.51 OK
r-devel-linux-x86_64-fedora-gcc 5.2 139.32 OK
r-devel-windows-x86_64 5.2 13.00 100.00 113.00 OK
r-patched-linux-x86_64 5.2 12.53 76.84 89.37 OK
r-release-linux-x86_64 5.2 11.09 75.83 86.92 OK
r-release-macos-arm64 5.2 42.00 OK
r-release-macos-x86_64 5.2 87.00 OK
r-release-windows-x86_64 5.2 12.00 91.00 103.00 OK
r-oldrel-macos-arm64 5.2 43.00 OK
r-oldrel-macos-x86_64 5.2 106.00 OK
r-oldrel-windows-x86_64 5.2 16.00 105.00 121.00 OK

Check Details

Version: 5.2
Check: CRAN incoming feasibility
Result: NOTE Maintainer: ‘Christian E. Galarza <cgalarza88@gmail.com>’ No Authors@R field in DESCRIPTION. Please add one, modifying Authors@R: c(person(given = c("Christian", "E."), family = "Galarza", role = c("aut", "cre"), email = "chedgala@espol.edu.ec"), person(given = "Luis", family = "Benites", role = "aut", email = "lbenitess@pucp.edu.pe"), person(given = "Marcelo", family = "Bourguignon", role = "aut", email = "m.p.bourguignon@gmail.com"), person(given = c("Victor", "H."), family = "Lachos", role = "aut", email = "hlachos@uconn.edu")) as necessary. Flavors: r-devel-linux-x86_64-debian-clang, r-devel-linux-x86_64-debian-gcc