Last updated on 2025-04-30 04:50:10 CEST.
Flavor | Version | Tinstall | Tcheck | Ttotal | Status | Flags |
---|---|---|---|---|---|---|
r-devel-linux-x86_64-debian-clang | 0.2.13 | 451.63 | 247.95 | 699.58 | OK | |
r-devel-linux-x86_64-debian-gcc | 0.2.13 | 260.88 | 167.06 | 427.94 | OK | |
r-devel-linux-x86_64-fedora-clang | 0.2.13 | 1014.50 | OK | |||
r-devel-linux-x86_64-fedora-gcc | 0.2.13 | 1080.75 | OK | |||
r-devel-windows-x86_64 | 0.2.13 | 288.00 | 392.00 | 680.00 | OK | |
r-patched-linux-x86_64 | 0.2.13 | 364.56 | 235.73 | 600.29 | OK | |
r-release-linux-x86_64 | 0.2.13 | 359.47 | 234.61 | 594.08 | OK | |
r-release-macos-arm64 | 0.2.13 | 370.00 | OK | |||
r-release-macos-x86_64 | 0.2.13 | 410.00 | OK | |||
r-release-windows-x86_64 | 0.2.13 | 280.00 | 378.00 | 658.00 | OK | |
r-oldrel-macos-arm64 | 0.2.13 | 285.00 | NOTE | |||
r-oldrel-macos-x86_64 | 0.2.13 | 337.00 | NOTE | |||
r-oldrel-windows-x86_64 | 0.2.13 | 336.00 | 462.00 | 798.00 | NOTE |
Version: 0.2.13
Check: installed package size
Result: NOTE
installed size is 90.6Mb
sub-directories of 1Mb or more:
help 1.0Mb
libs 88.3Mb
Flavors: r-oldrel-macos-arm64, r-oldrel-macos-x86_64, r-oldrel-windows-x86_64