Last updated on 2025-04-30 04:50:10 CEST.
Flavor | Version | Tinstall | Tcheck | Ttotal | Status | Flags |
---|---|---|---|---|---|---|
r-devel-linux-x86_64-debian-clang | 0.6.11 | 169.62 | 102.06 | 271.68 | OK | |
r-devel-linux-x86_64-debian-gcc | 0.6.11 | 149.87 | 90.84 | 240.71 | OK | |
r-devel-linux-x86_64-fedora-clang | 0.6.11 | 405.90 | OK | |||
r-devel-linux-x86_64-fedora-gcc | 0.6.11 | 525.65 | OK | |||
r-devel-windows-x86_64 | 0.6.11 | 166.00 | 173.00 | 339.00 | OK | |
r-patched-linux-x86_64 | 0.6.11 | 192.93 | 119.17 | 312.10 | OK | |
r-release-linux-x86_64 | 0.6.11 | 196.99 | 117.57 | 314.56 | OK | |
r-release-macos-arm64 | 0.6.11 | 163.00 | OK | |||
r-release-macos-x86_64 | 0.6.11 | 181.00 | OK | |||
r-release-windows-x86_64 | 0.6.11 | 175.00 | 155.00 | 330.00 | OK | |
r-oldrel-macos-arm64 | 0.6.11 | 114.00 | NOTE | |||
r-oldrel-macos-x86_64 | 0.6.11 | 156.00 | NOTE | |||
r-oldrel-windows-x86_64 | 0.6.11 | 183.00 | 186.00 | 369.00 | OK |
Version: 0.6.11
Check: installed package size
Result: NOTE
installed size is 108.9Mb
sub-directories of 1Mb or more:
doc 1.6Mb
libs 106.6Mb
Flavors: r-oldrel-macos-arm64, r-oldrel-macos-x86_64