CRAN Package Check Results for Package lss2

Last updated on 2025-04-30 04:50:10 CEST.

Flavor Version Tinstall Tcheck Ttotal Status Flags
r-devel-linux-x86_64-debian-clang 1.1 7.47 64.73 72.20 NOTE
r-devel-linux-x86_64-debian-gcc 1.1 4.69 48.38 53.07 NOTE
r-devel-linux-x86_64-fedora-clang 1.1 107.61 OK
r-devel-linux-x86_64-fedora-gcc 1.1 105.77 OK
r-devel-windows-x86_64 1.1 7.00 90.00 97.00 OK
r-patched-linux-x86_64 1.1 7.53 61.03 68.56 OK
r-release-linux-x86_64 1.1 6.80 62.19 68.99 OK
r-release-macos-arm64 1.1 37.00 OK
r-release-macos-x86_64 1.1 80.00 OK
r-release-windows-x86_64 1.1 8.00 83.00 91.00 OK
r-oldrel-macos-arm64 1.1 34.00 NOTE
r-oldrel-macos-x86_64 1.1 57.00 NOTE
r-oldrel-windows-x86_64 1.1 9.00 91.00 100.00 NOTE

Check Details

Version: 1.1
Check: CRAN incoming feasibility
Result: NOTE Maintainer: ‘Arvin Satwani <arvinsatwani@gmail.com>’ No Authors@R field in DESCRIPTION. Please add one, modifying Authors@R: c(person(given = "Zhezhen", family = "Jin", role = "aut", email = "zj7@columbia.edu"), person(given = "Arvin", family = "Satwani", role = c("aut", "cre"), email = "arvinsatwani@gmail.com")) as necessary. Flavors: r-devel-linux-x86_64-debian-clang, r-devel-linux-x86_64-debian-gcc

Version: 1.1
Check: examples
Result: NOTE Examples with CPU (user + system) or elapsed time > 5s user system elapsed lss 4.852 0.034 6.274 Flavor: r-devel-linux-x86_64-debian-clang

Version: 1.1
Check: LazyData
Result: NOTE 'LazyData' is specified without a 'data' directory Flavors: r-oldrel-macos-arm64, r-oldrel-macos-x86_64, r-oldrel-windows-x86_64