Last updated on 2025-04-30 04:50:10 CEST.
Flavor | Version | Tinstall | Tcheck | Ttotal | Status | Flags |
---|---|---|---|---|---|---|
r-devel-linux-x86_64-debian-clang | 2.0.4 | 4.56 | 109.05 | 113.61 | NOTE | |
r-devel-linux-x86_64-debian-gcc | 2.0.4 | 3.10 | 69.90 | 73.00 | NOTE | |
r-devel-linux-x86_64-fedora-clang | 2.0.4 | 184.40 | OK | |||
r-devel-linux-x86_64-fedora-gcc | 2.0.4 | 175.13 | OK | |||
r-devel-windows-x86_64 | 2.0.4 | 5.00 | 114.00 | 119.00 | OK | |
r-patched-linux-x86_64 | 2.0.4 | 4.31 | 104.67 | 108.98 | OK | |
r-release-linux-x86_64 | 2.0.4 | 4.47 | 96.99 | 101.46 | OK | |
r-release-macos-arm64 | 2.0.4 | 43.00 | OK | |||
r-release-macos-x86_64 | 2.0.4 | 87.00 | OK | |||
r-release-windows-x86_64 | 2.0.4 | 4.00 | 108.00 | 112.00 | OK | |
r-oldrel-macos-arm64 | 2.0.4 | 47.00 | OK | |||
r-oldrel-macos-x86_64 | 2.0.4 | 116.00 | OK | |||
r-oldrel-windows-x86_64 | 2.0.4 | 5.00 | 128.00 | 133.00 | OK |
Version: 2.0.4
Check: CRAN incoming feasibility
Result: NOTE
Maintainer: ‘Ocheredko Oleksandr <Ocheredko@yahoo.com>’
No Authors@R field in DESCRIPTION.
Please add one, modifying
Authors@R: person(given = "Ocheredko",
family = "Oleksandr",
role = c("aut", "cre"),
email = "ocheredko@yahoo.com")
as necessary.
Flavors: r-devel-linux-x86_64-debian-clang, r-devel-linux-x86_64-debian-gcc
Version: 2.0.4
Check: examples
Result: NOTE
Examples with CPU (user + system) or elapsed time > 5s
user system elapsed
MCPower 11.188 0.008 12.893
plot.powerClass-method 11.094 0.000 13.333
z..powerClass-method 10.684 0.004 12.649
print.powerClass-method 10.538 0.004 11.711
powerClass-class 10.277 0.004 12.495
MCLogLin 8.988 0.013 10.407
renewal 7.221 0.004 9.409
Flavor: r-devel-linux-x86_64-debian-clang
Version: 2.0.4
Check: examples
Result: NOTE
Examples with CPU (user + system) or elapsed time > 5s
user system elapsed
print.powerClass-method 6.748 0.004 7.356
plot.powerClass-method 6.692 0.004 7.623
powerClass-class 6.502 0.004 7.014
z..powerClass-method 6.252 0.000 7.546
MCPower 6.181 0.012 7.452
MCLogLin 4.715 0.007 5.805
Flavor: r-devel-linux-x86_64-debian-gcc