CRAN Package Check Results for Package ltm

Last updated on 2025-04-30 04:50:10 CEST.

Flavor Version Tinstall Tcheck Ttotal Status Flags
r-devel-linux-x86_64-debian-clang 1.2-0 17.02 120.58 137.60 NOTE
r-devel-linux-x86_64-debian-gcc 1.2-0 11.14 82.08 93.22 NOTE
r-devel-linux-x86_64-fedora-clang 1.2-0 213.72 OK
r-devel-linux-x86_64-fedora-gcc 1.2-0 205.61 OK
r-devel-windows-x86_64 1.2-0 16.00 137.00 153.00 OK
r-patched-linux-x86_64 1.2-0 18.34 112.90 131.24 OK
r-release-linux-x86_64 1.2-0 15.60 112.75 128.35 OK
r-release-macos-arm64 1.2-0 59.00 OK
r-release-macos-x86_64 1.2-0 123.00 OK
r-release-windows-x86_64 1.2-0 19.00 133.00 152.00 OK
r-oldrel-macos-arm64 1.2-0 47.00 OK
r-oldrel-macos-x86_64 1.2-0 106.00 OK
r-oldrel-windows-x86_64 1.2-0 22.00 167.00 189.00 OK

Check Details

Version: 1.2-0
Check: CRAN incoming feasibility
Result: NOTE Maintainer: ‘Dimitris Rizopoulos <d.rizopoulos@erasmusmc.nl>’ No Authors@R field in DESCRIPTION. Please add one, modifying Authors@R: person(given = "Dimitris", family = "Rizopoulos", role = c("aut", "cre"), email = "d.rizopoulos@erasmusmc.nl") as necessary. Package CITATION file contains call(s) to old-style personList() or as.personList(). Please use c() on person objects instead. Package CITATION file contains call(s) to old-style citEntry(). Please use bibentry() instead. Flavors: r-devel-linux-x86_64-debian-clang, r-devel-linux-x86_64-debian-gcc

Version: 1.2-0
Check: examples
Result: NOTE Examples with CPU (user + system) or elapsed time > 5s user system elapsed plot 4.661 0.13 6.469 Flavor: r-devel-linux-x86_64-debian-clang