CRAN Package Check Results for Package ltmix

Last updated on 2025-04-30 04:50:10 CEST.

Flavor Version Tinstall Tcheck Ttotal Status Flags
r-devel-linux-x86_64-debian-clang 0.2.2 2.27 19.73 22.00 NOTE
r-devel-linux-x86_64-debian-gcc 0.2.2 1.71 15.79 17.50 NOTE
r-devel-linux-x86_64-fedora-clang 0.2.2 34.52 OK
r-devel-linux-x86_64-fedora-gcc 0.2.2 32.81 OK
r-devel-windows-x86_64 0.2.2 3.00 51.00 54.00 OK
r-patched-linux-x86_64 0.2.2 2.10 19.06 21.16 OK
r-release-linux-x86_64 0.2.2 2.20 19.23 21.43 OK
r-release-macos-arm64 0.2.2 19.00 OK
r-release-macos-x86_64 0.2.2 29.00 OK
r-release-windows-x86_64 0.2.2 3.00 42.00 45.00 OK
r-oldrel-macos-arm64 0.2.2 15.00 OK
r-oldrel-macos-x86_64 0.2.2 23.00 OK
r-oldrel-windows-x86_64 0.2.2 3.00 44.00 47.00 OK

Check Details

Version: 0.2.2
Check: CRAN incoming feasibility
Result: NOTE Maintainer: ‘Martin Blostein <martin.blostein@gmail.com>’ No Authors@R field in DESCRIPTION. Please add one, modifying Authors@R: c(person(given = "Martin", family = "Blostein", role = c("aut", "cre"), email = "martin.blostein@gmail.com"), person(given = "Tatjana", family = "Miljkovic", role = "aut", email = "miljkot@miamioh.edu")) as necessary. Flavors: r-devel-linux-x86_64-debian-clang, r-devel-linux-x86_64-debian-gcc