Last updated on 2025-02-21 03:52:16 CET.
Flavor | Version | Tinstall | Tcheck | Ttotal | Status | Flags |
---|---|---|---|---|---|---|
r-devel-linux-x86_64-debian-clang | 0.1.0 | 55.62 | 139.60 | 195.22 | NOTE | |
r-devel-linux-x86_64-debian-gcc | 0.1.0 | 41.37 | 94.82 | 136.19 | NOTE | |
r-devel-linux-x86_64-fedora-clang | 0.1.0 | 340.52 | NOTE | |||
r-devel-linux-x86_64-fedora-gcc | 0.1.0 | 343.12 | NOTE | |||
r-devel-macos-arm64 | 0.1.0 | 103.00 | NOTE | |||
r-devel-macos-x86_64 | 0.1.0 | 182.00 | NOTE | |||
r-devel-windows-x86_64 | 0.1.0 | 61.00 | 190.00 | 251.00 | NOTE | |
r-patched-linux-x86_64 | 0.1.0 | 58.88 | 129.30 | 188.18 | NOTE | |
r-release-linux-x86_64 | 0.1.0 | 57.09 | 129.13 | 186.22 | NOTE | |
r-release-macos-arm64 | 0.1.0 | 104.00 | NOTE | |||
r-release-macos-x86_64 | 0.1.0 | 141.00 | NOTE | |||
r-release-windows-x86_64 | 0.1.0 | 62.00 | 190.00 | 252.00 | NOTE | |
r-oldrel-macos-arm64 | 0.1.0 | 113.00 | NOTE | |||
r-oldrel-macos-x86_64 | 0.1.0 | 189.00 | NOTE | |||
r-oldrel-windows-x86_64 | 0.1.0 | 74.00 | 241.00 | 315.00 | NOTE |
Version: 0.1.0
Check: C++ specification
Result: NOTE
Specified C++11: please drop specification unless essential
Flavors: r-devel-linux-x86_64-debian-clang, r-devel-linux-x86_64-debian-gcc, r-devel-linux-x86_64-fedora-clang, r-devel-linux-x86_64-fedora-gcc, r-devel-macos-arm64, r-devel-macos-x86_64, r-devel-windows-x86_64, r-patched-linux-x86_64, r-release-linux-x86_64, r-release-macos-arm64, r-release-macos-x86_64, r-release-windows-x86_64, r-oldrel-macos-arm64, r-oldrel-macos-x86_64, r-oldrel-windows-x86_64