Last updated on 2025-04-30 04:50:10 CEST.
Flavor | Version | Tinstall | Tcheck | Ttotal | Status | Flags |
---|---|---|---|---|---|---|
r-devel-linux-x86_64-debian-clang | 0.1.0 | 58.31 | 135.27 | 193.58 | NOTE | |
r-devel-linux-x86_64-debian-gcc | 0.1.0 | 43.39 | 96.94 | 140.33 | NOTE | |
r-devel-linux-x86_64-fedora-clang | 0.1.0 | 340.77 | NOTE | |||
r-devel-linux-x86_64-fedora-gcc | 0.1.0 | 343.68 | NOTE | |||
r-devel-windows-x86_64 | 0.1.0 | 66.00 | 203.00 | 269.00 | NOTE | |
r-patched-linux-x86_64 | 0.1.0 | 59.48 | 131.39 | 190.87 | NOTE | |
r-release-linux-x86_64 | 0.1.0 | 59.73 | 130.40 | 190.13 | NOTE | |
r-release-macos-arm64 | 0.1.0 | 133.00 | NOTE | |||
r-release-macos-x86_64 | 0.1.0 | 186.00 | NOTE | |||
r-release-windows-x86_64 | 0.1.0 | 67.00 | 179.00 | 246.00 | NOTE | |
r-oldrel-macos-arm64 | 0.1.0 | 104.00 | NOTE | |||
r-oldrel-macos-x86_64 | 0.1.0 | 141.00 | NOTE | |||
r-oldrel-windows-x86_64 | 0.1.0 | 76.00 | 233.00 | 309.00 | NOTE |
Version: 0.1.0
Check: C++ specification
Result: NOTE
Specified C++11: please drop specification unless essential
Flavors: r-devel-linux-x86_64-debian-clang, r-devel-linux-x86_64-debian-gcc, r-devel-linux-x86_64-fedora-clang, r-devel-linux-x86_64-fedora-gcc, r-devel-windows-x86_64, r-patched-linux-x86_64, r-release-linux-x86_64, r-release-macos-arm64, r-release-macos-x86_64, r-release-windows-x86_64, r-oldrel-macos-arm64, r-oldrel-macos-x86_64, r-oldrel-windows-x86_64