Last updated on 2025-04-30 04:50:10 CEST.
Flavor | Version | Tinstall | Tcheck | Ttotal | Status | Flags |
---|---|---|---|---|---|---|
r-devel-linux-x86_64-debian-clang | 0.2.0 | 60.68 | 121.83 | 182.51 | NOTE | |
r-devel-linux-x86_64-debian-gcc | 0.2.0 | 43.50 | 97.19 | 140.69 | NOTE | |
r-devel-linux-x86_64-fedora-clang | 0.2.0 | 312.96 | NOTE | |||
r-devel-linux-x86_64-fedora-gcc | 0.2.0 | 283.32 | NOTE | |||
r-devel-windows-x86_64 | 0.2.0 | 70.00 | 154.00 | 224.00 | NOTE | |
r-patched-linux-x86_64 | 0.2.0 | 64.11 | 114.66 | 178.77 | NOTE | |
r-release-linux-x86_64 | 0.2.0 | 63.69 | 115.14 | 178.83 | NOTE | |
r-release-macos-arm64 | 0.2.0 | 78.00 | NOTE | |||
r-release-macos-x86_64 | 0.2.0 | 135.00 | NOTE | |||
r-release-windows-x86_64 | 0.2.0 | 72.00 | 142.00 | 214.00 | NOTE | |
r-oldrel-macos-arm64 | 0.2.0 | 69.00 | NOTE | |||
r-oldrel-macos-x86_64 | 0.2.0 | 99.00 | NOTE | |||
r-oldrel-windows-x86_64 | 0.2.0 | 82.00 | 174.00 | 256.00 | NOTE |
Version: 0.2.0
Check: C++ specification
Result: NOTE
Specified C++11: please drop specification unless essential
Flavors: r-devel-linux-x86_64-debian-clang, r-devel-linux-x86_64-debian-gcc, r-devel-linux-x86_64-fedora-clang, r-devel-linux-x86_64-fedora-gcc, r-devel-windows-x86_64, r-patched-linux-x86_64, r-release-linux-x86_64, r-release-macos-arm64, r-release-macos-x86_64, r-release-windows-x86_64, r-oldrel-macos-arm64, r-oldrel-macos-x86_64, r-oldrel-windows-x86_64
Version: 0.2.0
Check: installed package size
Result: NOTE
installed size is 6.0Mb
sub-directories of 1Mb or more:
data 2.1Mb
libs 3.7Mb
Flavors: r-oldrel-macos-arm64, r-oldrel-macos-x86_64