Last updated on 2025-04-30 04:50:10 CEST.
Flavor | Version | Tinstall | Tcheck | Ttotal | Status | Flags |
---|---|---|---|---|---|---|
r-devel-linux-x86_64-debian-clang | 0.2.1 | 1.83 | 38.08 | 39.91 | NOTE | |
r-devel-linux-x86_64-debian-gcc | 0.2.1 | 1.31 | 27.71 | 29.02 | NOTE | |
r-devel-linux-x86_64-fedora-clang | 0.2.1 | 59.93 | NOTE | |||
r-devel-linux-x86_64-fedora-gcc | 0.2.1 | 60.68 | NOTE | |||
r-devel-windows-x86_64 | 0.2.1 | 3.00 | 60.00 | 63.00 | OK | |
r-patched-linux-x86_64 | 0.2.1 | 1.72 | 35.34 | 37.06 | OK | |
r-release-linux-x86_64 | 0.2.1 | 1.49 | 35.29 | 36.78 | OK | |
r-release-macos-arm64 | 0.2.1 | 24.00 | OK | |||
r-release-macos-x86_64 | 0.2.1 | 40.00 | OK | |||
r-release-windows-x86_64 | 0.2.1 | 3.00 | 59.00 | 62.00 | OK | |
r-oldrel-macos-arm64 | 0.2.1 | 21.00 | OK | |||
r-oldrel-macos-x86_64 | 0.2.1 | 31.00 | OK | |||
r-oldrel-windows-x86_64 | 0.2.1 | 4.00 | 60.00 | 64.00 | OK |
Version: 0.2.1
Check: CRAN incoming feasibility
Result: NOTE
Maintainer: ‘Maninder Singh Dhillon <manidhillon1989@gmail.com>’
No Authors@R field in DESCRIPTION.
Please add one, modifying
Authors@R: c(person(given = c("Maninder", "Singh"),
family = "Dhillon",
role = c("aut", "cre"),
email = "manidhillon1989@gmail.com"),
person(given = "Thorsten",
family = "Dahms",
role = "ctb"),
person(given = "Leon",
family = "Nill",
role = "ctb"))
as necessary.
Flavors: r-devel-linux-x86_64-debian-clang, r-devel-linux-x86_64-debian-gcc
Version: 0.2.1
Check: examples
Result: NOTE
Examples with CPU (user + system) or elapsed time > 5s
user system elapsed
LUE_BIOMASS 9.207 0.218 11.053
Flavor: r-devel-linux-x86_64-debian-clang
Version: 0.2.1
Check: examples
Result: NOTE
Examples with CPU (user + system) or elapsed time > 5s
user system elapsed
LUE_BIOMASS 5.926 0.354 7.487
Flavor: r-devel-linux-x86_64-debian-gcc
Version: 0.2.1
Check: dependencies in R code
Result: NOTE
Namespaces in Imports field not imported from:
‘ncdf4’ ‘raster’
All declared Imports should be used.
Flavors: r-devel-linux-x86_64-fedora-clang, r-devel-linux-x86_64-fedora-gcc