Last updated on 2025-04-30 04:50:10 CEST.
Flavor | Version | Tinstall | Tcheck | Ttotal | Status | Flags |
---|---|---|---|---|---|---|
r-devel-linux-x86_64-debian-clang | 1.0.4 | 37.34 | 265.42 | 302.76 | NOTE | |
r-devel-linux-x86_64-debian-gcc | 1.0.4 | 25.75 | 168.28 | 194.03 | NOTE | |
r-devel-linux-x86_64-fedora-clang | 1.0.4 | 481.66 | OK | |||
r-devel-linux-x86_64-fedora-gcc | 1.0.4 | 460.78 | OK | |||
r-devel-windows-x86_64 | 1.0.4 | 40.00 | 242.00 | 282.00 | OK | |
r-patched-linux-x86_64 | 1.0.4 | 37.17 | 246.53 | 283.70 | OK | |
r-release-linux-x86_64 | 1.0.4 | 37.99 | 247.64 | 285.63 | OK | |
r-release-macos-arm64 | 1.0.4 | 147.00 | OK | |||
r-release-macos-x86_64 | 1.0.4 | 244.00 | OK | |||
r-release-windows-x86_64 | 1.0.4 | 41.00 | 215.00 | 256.00 | OK | |
r-oldrel-macos-arm64 | 1.0.4 | 100.00 | OK | |||
r-oldrel-macos-x86_64 | 1.0.4 | 182.00 | OK | |||
r-oldrel-windows-x86_64 | 1.0.4 | 51.00 | 293.00 | 344.00 | OK |
Version: 1.0.4
Check: CRAN incoming feasibility
Result: NOTE
Maintainer: ‘Simon Moulds <sim.moulds@gmail.com>’
No Authors@R field in DESCRIPTION.
Please add one, modifying
Authors@R: person(given = "Simon",
family = "Moulds",
role = c("aut", "cre"),
email = "sim.moulds@gmail.com")
as necessary.
Flavors: r-devel-linux-x86_64-debian-clang, r-devel-linux-x86_64-debian-gcc