CRAN Package Check Results for Package luz

Last updated on 2025-04-30 04:50:10 CEST.

Flavor Version Tinstall Tcheck Ttotal Status Flags
r-devel-linux-x86_64-debian-clang 0.4.0 14.88 122.57 137.45 NOTE
r-devel-linux-x86_64-debian-gcc 0.4.0 10.82 93.32 104.14 NOTE
r-devel-linux-x86_64-fedora-clang 0.4.0 221.56 OK
r-devel-linux-x86_64-fedora-gcc 0.4.0 226.11 OK
r-devel-windows-x86_64 0.4.0 18.00 164.00 182.00 NOTE
r-patched-linux-x86_64 0.4.0 16.59 117.59 134.18 NOTE
r-release-linux-x86_64 0.4.0 16.43 117.12 133.55 NOTE
r-release-macos-arm64 0.4.0 104.00 OK
r-release-macos-x86_64 0.4.0 158.00 OK
r-release-windows-x86_64 0.4.0 19.00 150.00 169.00 NOTE
r-oldrel-macos-arm64 0.4.0 47.00 OK
r-oldrel-macos-x86_64 0.4.0 91.00 OK
r-oldrel-windows-x86_64 0.4.0 23.00 178.00 201.00 OK

Check Details

Version: 0.4.0
Check: CRAN incoming feasibility
Result: NOTE Maintainer: ‘Daniel Falbel <daniel@rstudio.com>’ The Description field contains inspired by 'fastai' by Howard et al. (2020) <arXiv:2002.04688>, Please refer to arXiv e-prints via their arXiv DOI <doi:10.48550/arXiv.YYMM.NNNNN>. Flavors: r-devel-linux-x86_64-debian-clang, r-devel-linux-x86_64-debian-gcc

Version: 0.4.0
Check: Rd cross-references
Result: NOTE Found the following Rd file(s) with Rd \link{} targets missing package anchors: evaluate.Rd: nn_module fit.luz_module_generator.Rd: nn_module luz_load_model_weights.Rd: torch_load predict.luz_module_fitted.Rd: nn_module Please provide package anchors for all Rd \link{} targets not in the package itself and the base packages. Flavors: r-devel-linux-x86_64-debian-clang, r-devel-linux-x86_64-debian-gcc, r-devel-windows-x86_64, r-patched-linux-x86_64, r-release-linux-x86_64, r-release-windows-x86_64

Version: 0.4.0
Check: examples
Result: NOTE Examples with CPU (user + system) or elapsed time > 5s user system elapsed lr_finder 3.623 0.345 5.209 Flavor: r-devel-linux-x86_64-debian-clang