Last updated on 2025-04-30 04:50:10 CEST.
Flavor | Version | Tinstall | Tcheck | Ttotal | Status | Flags |
---|---|---|---|---|---|---|
r-devel-linux-x86_64-debian-clang | 0.3.5 | 19.71 | 152.68 | 172.39 | NOTE | |
r-devel-linux-x86_64-debian-gcc | 0.3.5 | 14.82 | 110.86 | 125.68 | NOTE | |
r-devel-linux-x86_64-fedora-clang | 0.3.5 | 251.17 | OK | |||
r-devel-linux-x86_64-fedora-gcc | 0.3.5 | 240.08 | OK | |||
r-devel-windows-x86_64 | 0.3.5 | 20.00 | 160.00 | 180.00 | OK | |
r-patched-linux-x86_64 | 0.3.5 | 18.39 | 144.33 | 162.72 | OK | |
r-release-linux-x86_64 | 0.3.5 | 17.77 | 141.29 | 159.06 | OK | |
r-release-macos-arm64 | 0.3.5 | 67.00 | OK | |||
r-release-macos-x86_64 | 0.3.5 | 126.00 | OK | |||
r-release-windows-x86_64 | 0.3.5 | 20.00 | 150.00 | 170.00 | OK | |
r-oldrel-macos-arm64 | 0.3.5 | 67.00 | OK | |||
r-oldrel-macos-x86_64 | 0.3.5 | 107.00 | OK | |||
r-oldrel-windows-x86_64 | 0.3.5 | 27.00 | 193.00 | 220.00 | OK |
Version: 0.3.5
Check: CRAN incoming feasibility
Result: NOTE
Maintainer: ‘Sacha Epskamp <mail@sachaepskamp.com>’
No Authors@R field in DESCRIPTION.
Please add one, modifying
Authors@R: person(given = "Sacha",
family = "Epskamp",
role = c("aut", "cre"),
email = "mail@sachaepskamp.com")
as necessary.
Flavors: r-devel-linux-x86_64-debian-clang, r-devel-linux-x86_64-debian-gcc
Version: 0.3.5
Check: examples
Result: NOTE
Examples with CPU (user + system) or elapsed time > 5s
user system elapsed
lvnet 5.382 0.209 3.448
Flavor: r-devel-linux-x86_64-debian-clang