Last updated on 2025-04-30 04:50:11 CEST.
Flavor | Version | Tinstall | Tcheck | Ttotal | Status | Flags |
---|---|---|---|---|---|---|
r-devel-linux-x86_64-debian-clang | 0.1.6 | 5.04 | 61.58 | 66.62 | NOTE | |
r-devel-linux-x86_64-debian-gcc | 0.1.6 | 3.43 | 41.83 | 45.26 | OK | |
r-devel-linux-x86_64-fedora-clang | 0.1.6 | 96.05 | OK | |||
r-devel-linux-x86_64-fedora-gcc | 0.1.6 | 993.79 | OK | |||
r-devel-windows-x86_64 | 0.1.6 | 7.00 | 88.00 | 95.00 | OK | |
r-patched-linux-x86_64 | 0.1.6 | 4.19 | 56.65 | 60.84 | OK | |
r-release-linux-x86_64 | 0.1.6 | 4.51 | 55.67 | 60.18 | OK | |
r-release-macos-arm64 | 0.1.6 | 209.00 | OK | |||
r-release-macos-x86_64 | 0.1.6 | 371.00 | OK | |||
r-release-windows-x86_64 | 0.1.6 | 8.00 | 79.00 | 87.00 | OK | |
r-oldrel-macos-arm64 | 0.1.6 | 193.00 | OK | |||
r-oldrel-macos-x86_64 | 0.1.6 | 705.00 | OK | |||
r-oldrel-windows-x86_64 | 0.1.6 | 9.00 | 92.00 | 101.00 | OK |
Version: 0.1.6
Check: examples
Result: NOTE
Examples with CPU (user + system) or elapsed time > 5s
user system elapsed
followingNetwork 8.271 0.106 10.86
Flavor: r-devel-linux-x86_64-debian-clang