Last updated on 2025-04-30 04:50:11 CEST.
Flavor | Version | Tinstall | Tcheck | Ttotal | Status | Flags |
---|---|---|---|---|---|---|
r-devel-linux-x86_64-debian-clang | 1.1 | 1.92 | 25.15 | 27.07 | NOTE | |
r-devel-linux-x86_64-debian-gcc | 1.1 | 1.46 | 20.17 | 21.63 | NOTE | |
r-devel-linux-x86_64-fedora-clang | 1.1 | 41.97 | OK | |||
r-devel-linux-x86_64-fedora-gcc | 1.1 | 40.17 | OK | |||
r-devel-windows-x86_64 | 1.1 | 3.00 | 66.00 | 69.00 | OK | |
r-patched-linux-x86_64 | 1.1 | 1.81 | 24.33 | 26.14 | OK | |
r-release-linux-x86_64 | 1.1 | 1.75 | 24.35 | 26.10 | OK | |
r-release-macos-arm64 | 1.1 | 19.00 | OK | |||
r-release-macos-x86_64 | 1.1 | 31.00 | OK | |||
r-release-windows-x86_64 | 1.1 | 3.00 | 56.00 | 59.00 | OK | |
r-oldrel-macos-arm64 | 1.1 | 17.00 | OK | |||
r-oldrel-macos-x86_64 | 1.1 | 25.00 | OK | |||
r-oldrel-windows-x86_64 | 1.1 | 3.00 | 54.00 | 57.00 | OK |
Version: 1.1
Check: CRAN incoming feasibility
Result: NOTE
Maintainer: ‘Kobi Perl <kobipe3@gmail.com>’
No Authors@R field in DESCRIPTION.
Please add one, modifying
Authors@R: person(given = "Kobi",
family = "Perl",
role = c("aut", "cre"),
email = "kobipe3@gmail.com")
as necessary.
Package CITATION file contains call(s) to old-style citEntry(). Please
use bibentry() instead.
Flavors: r-devel-linux-x86_64-debian-clang, r-devel-linux-x86_64-debian-gcc