CRAN Package Check Results for Package mSimCC

Last updated on 2025-04-30 04:50:12 CEST.

Flavor Version Tinstall Tcheck Ttotal Status Flags
r-devel-linux-x86_64-debian-clang 0.0.3 4.56 31.97 36.53 NOTE
r-devel-linux-x86_64-debian-gcc 0.0.3 4.07 23.26 27.33 NOTE
r-devel-linux-x86_64-fedora-clang 0.0.3 57.10 OK
r-devel-linux-x86_64-fedora-gcc 0.0.3 54.37 OK
r-devel-windows-x86_64 0.0.3 8.00 67.00 75.00 OK
r-patched-linux-x86_64 0.0.3 5.57 29.82 35.39 OK
r-release-linux-x86_64 0.0.3 4.88 30.15 35.03 OK
r-release-macos-arm64 0.0.3 28.00 OK
r-release-macos-x86_64 0.0.3 39.00 OK
r-release-windows-x86_64 0.0.3 8.00 64.00 72.00 OK
r-oldrel-macos-arm64 0.0.3 25.00 OK
r-oldrel-macos-x86_64 0.0.3 34.00 OK
r-oldrel-windows-x86_64 0.0.3 10.00 66.00 76.00 OK

Check Details

Version: 0.0.3
Check: CRAN incoming feasibility
Result: NOTE Maintainer: ‘David Moriña Soler <dmorina@ub.edu>’ No Authors@R field in DESCRIPTION. Please add one, modifying Authors@R: c(person(given = "David", family = "Moriña", role = c("aut", "cre"), email = "dmorina@ub.edu", comment = "Universitat de Barcelona"), person(given = "Pedro", family = "Puig", role = "aut", comment = "Universitat Autònoma de Barcelona"), person(given = "Mireia", family = "Diaz", role = "aut", comment = "Institut Català d'Oncologia")) as necessary. Flavors: r-devel-linux-x86_64-debian-clang, r-devel-linux-x86_64-debian-gcc