Last updated on 2025-04-30 04:50:10 CEST.
Flavor | Version | Tinstall | Tcheck | Ttotal | Status | Flags |
---|---|---|---|---|---|---|
r-devel-linux-x86_64-debian-clang | 1.1.0 | 18.13 | 183.31 | 201.44 | NOTE | |
r-devel-linux-x86_64-debian-gcc | 1.1.0 | 14.64 | 127.73 | 142.37 | OK | |
r-devel-linux-x86_64-fedora-clang | 1.1.0 | 326.89 | OK | |||
r-devel-linux-x86_64-fedora-gcc | 1.1.0 | 299.72 | OK | |||
r-devel-windows-x86_64 | 1.1.0 | 19.00 | 204.00 | 223.00 | OK | |
r-patched-linux-x86_64 | 1.1.0 | 18.72 | 168.67 | 187.39 | OK | |
r-release-linux-x86_64 | 1.1.0 | 17.50 | 169.63 | 187.13 | OK | |
r-release-macos-arm64 | 1.1.0 | 84.00 | OK | |||
r-release-macos-x86_64 | 1.1.0 | 179.00 | OK | |||
r-release-windows-x86_64 | 1.1.0 | 19.00 | 206.00 | 225.00 | OK | |
r-oldrel-macos-arm64 | 1.1.0 | 84.00 | OK | |||
r-oldrel-macos-x86_64 | 1.1.0 | 138.00 | OK | |||
r-oldrel-windows-x86_64 | 1.1.0 | 25.00 | 235.00 | 260.00 | OK |
Version: 1.1.0
Check: examples
Result: NOTE
Examples with CPU (user + system) or elapsed time > 5s
user system elapsed
summary_variables_numeric 4.948 0.047 6.139
dataset_preprocess 4.777 0.090 5.687
summary_variables 4.823 0.043 6.028
summary_variables_categorical 4.627 0.024 5.266
data_dict_extract 4.354 0.008 5.306
Flavor: r-devel-linux-x86_64-debian-clang