Last updated on 2025-04-30 04:50:10 CEST.
Flavor | Version | Tinstall | Tcheck | Ttotal | Status | Flags |
---|---|---|---|---|---|---|
r-devel-linux-x86_64-debian-clang | 1.2.4 | 228.40 | 114.69 | 343.09 | NOTE | |
r-devel-linux-x86_64-debian-gcc | 1.2.4 | 174.20 | 82.87 | 257.07 | NOTE | |
r-devel-linux-x86_64-fedora-clang | 1.2.4 | 651.05 | OK | |||
r-devel-linux-x86_64-fedora-gcc | 1.2.4 | 678.84 | OK | |||
r-devel-windows-x86_64 | 1.2.4 | 267.00 | 185.00 | 452.00 | OK | |
r-patched-linux-x86_64 | 1.2.4 | 248.63 | 107.09 | 355.72 | OK | |
r-release-linux-x86_64 | 1.2.4 | 240.64 | 105.96 | 346.60 | OK | |
r-release-macos-arm64 | 1.2.4 | 199.00 | OK | |||
r-release-macos-x86_64 | 1.2.4 | 223.00 | OK | |||
r-release-windows-x86_64 | 1.2.4 | 266.00 | 177.00 | 443.00 | OK | |
r-oldrel-macos-arm64 | 1.2.4 | 159.00 | NOTE | |||
r-oldrel-macos-x86_64 | 1.2.4 | 269.00 | NOTE | |||
r-oldrel-windows-x86_64 | 1.2.4 | 294.00 | 207.00 | 501.00 | OK |
Version: 1.2.4
Check: DESCRIPTION meta-information
Result: NOTE
Author field differs from that derived from Authors@R
Author: ‘Shihao Yang [aut, cre] (<https://orcid.org/0000-0003-3910-4969>), Samuel W.K. Wong [aut] (<https://orcid.org/0000-0002-7325-7267>), S.C. Kou [ctb, cph] (Contributor of MAGI method development)’
Authors@R: ‘Shihao Yang [aut, cre] (ORCID: <https://orcid.org/0000-0003-3910-4969>), Samuel W.K. Wong [aut] (ORCID: <https://orcid.org/0000-0002-7325-7267>), S.C. Kou [ctb, cph] (role: Contributor of MAGI method development)’
Flavors: r-devel-linux-x86_64-debian-clang, r-devel-linux-x86_64-debian-gcc
Version: 1.2.4
Check: installed package size
Result: NOTE
installed size is 24.2Mb
sub-directories of 1Mb or more:
libs 22.8Mb
Flavors: r-oldrel-macos-arm64, r-oldrel-macos-x86_64