CRAN Package Check Results for Package magicLamp

Last updated on 2025-04-30 04:50:10 CEST.

Flavor Version Tinstall Tcheck Ttotal Status Flags
r-devel-linux-x86_64-debian-clang 0.1.0 1.74 17.08 18.82 NOTE
r-devel-linux-x86_64-debian-gcc 0.1.0 1.21 13.80 15.01 NOTE
r-devel-linux-x86_64-fedora-clang 0.1.0 29.22 OK
r-devel-linux-x86_64-fedora-gcc 0.1.0 28.21 OK
r-devel-windows-x86_64 0.1.0 3.00 45.00 48.00 OK
r-patched-linux-x86_64 0.1.0 1.76 16.29 18.05 OK
r-release-linux-x86_64 0.1.0 1.69 16.60 18.29 OK
r-release-macos-arm64 0.1.0 16.00 OK
r-release-macos-x86_64 0.1.0 23.00 OK
r-release-windows-x86_64 0.1.0 3.00 42.00 45.00 OK
r-oldrel-macos-arm64 0.1.0 16.00 NOTE
r-oldrel-macos-x86_64 0.1.0 19.00 NOTE
r-oldrel-windows-x86_64 0.1.0 4.00 40.00 44.00 NOTE

Check Details

Version: 0.1.0
Check: CRAN incoming feasibility
Result: NOTE Maintainer: ‘Simon Garnier <garnier@njit.edu>’ No Authors@R field in DESCRIPTION. Please add one, modifying Authors@R: person(given = "Simon", family = "Garnier", role = c("aut", "cre"), email = "garnier@njit.edu") as necessary. Flavors: r-devel-linux-x86_64-debian-clang, r-devel-linux-x86_64-debian-gcc

Version: 0.1.0
Check: LazyData
Result: NOTE 'LazyData' is specified without a 'data' directory Flavors: r-oldrel-macos-arm64, r-oldrel-macos-x86_64, r-oldrel-windows-x86_64