Last updated on 2025-04-30 04:50:10 CEST.
Flavor | Version | Tinstall | Tcheck | Ttotal | Status | Flags |
---|---|---|---|---|---|---|
r-devel-linux-x86_64-debian-clang | 0.1.4 | 2.64 | 35.91 | 38.55 | NOTE | |
r-devel-linux-x86_64-debian-gcc | 0.1.4 | 1.73 | 27.58 | 29.31 | NOTE | |
r-devel-linux-x86_64-fedora-clang | 0.1.4 | 57.35 | NOTE | |||
r-devel-linux-x86_64-fedora-gcc | 0.1.4 | 54.74 | NOTE | |||
r-devel-windows-x86_64 | 0.1.4 | 5.00 | 61.00 | 66.00 | NOTE | |
r-patched-linux-x86_64 | 0.1.4 | 2.04 | 33.15 | 35.19 | NOTE | |
r-release-linux-x86_64 | 0.1.4 | 2.52 | 33.29 | 35.81 | NOTE | |
r-release-macos-arm64 | 0.1.4 | 21.00 | NOTE | |||
r-release-macos-x86_64 | 0.1.4 | 32.00 | NOTE | |||
r-release-windows-x86_64 | 0.1.4 | 4.00 | 53.00 | 57.00 | NOTE | |
r-oldrel-macos-arm64 | 0.1.4 | 24.00 | NOTE | |||
r-oldrel-macos-x86_64 | 0.1.4 | 32.00 | NOTE | |||
r-oldrel-windows-x86_64 | 0.1.4 | 5.00 | 65.00 | 70.00 | NOTE |
Version: 0.1.4
Check: package subdirectories
Result: NOTE
Problems with news in ‘NEWS.md’:
No news entries found.
Flavors: r-devel-linux-x86_64-debian-clang, r-devel-linux-x86_64-debian-gcc, r-devel-linux-x86_64-fedora-clang, r-devel-linux-x86_64-fedora-gcc, r-devel-windows-x86_64, r-patched-linux-x86_64, r-release-linux-x86_64, r-release-macos-arm64, r-release-macos-x86_64, r-release-windows-x86_64, r-oldrel-macos-arm64, r-oldrel-macos-x86_64, r-oldrel-windows-x86_64
Version: 0.1.4
Check: Rd cross-references
Result: NOTE
Found the following Rd file(s) with Rd \link{} targets missing package
anchors:
reportCovariates.Rd: wtd.var
Please provide package anchors for all Rd \link{} targets not in the
package itself and the base packages.
Flavors: r-devel-linux-x86_64-debian-clang, r-devel-linux-x86_64-debian-gcc, r-devel-windows-x86_64, r-patched-linux-x86_64, r-release-linux-x86_64, r-release-windows-x86_64
Version: 0.1.4
Check: examples
Result: NOTE
Examples with CPU (user + system) or elapsed time > 5s
user system elapsed
createMAICInput 4.207 0.207 5.151
Flavor: r-devel-linux-x86_64-debian-clang