CRAN Package Check Results for Package maicplus

Last updated on 2025-04-30 04:50:10 CEST.

Flavor Version Tinstall Tcheck Ttotal Status Flags
r-devel-linux-x86_64-debian-clang 0.1.2 11.45 176.44 187.89 NOTE
r-devel-linux-x86_64-debian-gcc 0.1.2 8.04 128.46 136.50 NOTE
r-devel-linux-x86_64-fedora-clang 0.1.2 297.00 OK
r-devel-linux-x86_64-fedora-gcc 0.1.2 297.50 OK
r-devel-windows-x86_64 0.1.2 13.00 204.00 217.00 OK
r-patched-linux-x86_64 0.1.2 14.05 170.18 184.23 OK
r-release-linux-x86_64 0.1.2 12.57 170.63 183.20 OK
r-release-macos-arm64 0.1.2 118.00 OK
r-release-macos-x86_64 0.1.2 212.00 OK
r-release-windows-x86_64 0.1.2 14.00 220.00 234.00 OK
r-oldrel-macos-arm64 0.1.2 96.00 OK
r-oldrel-macos-x86_64 0.1.2 202.00 OK
r-oldrel-windows-x86_64 0.1.2 15.00 242.00 257.00 OK

Check Details

Version: 0.1.2
Check: examples
Result: NOTE Examples with CPU (user + system) or elapsed time > 5s user system elapsed kmplot2 11.538 0.205 14.692 Flavor: r-devel-linux-x86_64-debian-clang

Version: 0.1.2
Check: examples
Result: NOTE Examples with CPU (user + system) or elapsed time > 5s user system elapsed kmplot2 8.016 0.683 10.576 Flavor: r-devel-linux-x86_64-debian-gcc