Last updated on 2025-04-30 04:50:10 CEST.
Flavor | Version | Tinstall | Tcheck | Ttotal | Status | Flags |
---|---|---|---|---|---|---|
r-devel-linux-x86_64-debian-clang | 1.2.2 | 17.72 | 154.00 | 171.72 | OK | |
r-devel-linux-x86_64-debian-gcc | 1.2.2 | 12.21 | 109.74 | 121.95 | OK | |
r-devel-linux-x86_64-fedora-clang | 1.2.2 | 254.26 | OK | |||
r-devel-linux-x86_64-fedora-gcc | 1.2.2 | 254.87 | OK | |||
r-devel-windows-x86_64 | 1.2.2 | 18.00 | 165.00 | 183.00 | OK | |
r-patched-linux-x86_64 | 1.2.2 | 19.05 | 144.18 | 163.23 | OK | |
r-release-linux-x86_64 | 1.2.2 | 16.99 | 143.46 | 160.45 | OK | |
r-release-macos-arm64 | 1.2.2 | 104.00 | OK | |||
r-release-macos-x86_64 | 1.2.2 | 160.00 | OK | |||
r-release-windows-x86_64 | 1.2.2 | 20.00 | 175.00 | 195.00 | OK | |
r-oldrel-macos-arm64 | 1.2.2 | 86.00 | NOTE | |||
r-oldrel-macos-x86_64 | 1.2.2 | 214.00 | NOTE | |||
r-oldrel-windows-x86_64 | 1.2.2 | 23.00 | 204.00 | 227.00 | OK |
Version: 1.2.2
Check: package dependencies
Result: NOTE
Package suggested but not available for checking: ‘INLA’
Flavors: r-oldrel-macos-arm64, r-oldrel-macos-x86_64
Version: 1.2.2
Check: Rd cross-references
Result: NOTE
Package unavailable to check Rd xrefs: ‘INLA’
Flavors: r-oldrel-macos-arm64, r-oldrel-macos-x86_64