Last updated on 2025-04-30 04:50:10 CEST.
Flavor | Version | Tinstall | Tcheck | Ttotal | Status | Flags |
---|---|---|---|---|---|---|
r-devel-linux-x86_64-debian-clang | 2.0 | 17.56 | 275.18 | 292.74 | OK | |
r-devel-linux-x86_64-debian-gcc | 2.0 | 11.84 | 187.56 | 199.40 | OK | |
r-devel-linux-x86_64-fedora-clang | 2.0 | 457.03 | OK | |||
r-devel-linux-x86_64-fedora-gcc | 2.0 | 462.69 | OK | |||
r-devel-windows-x86_64 | 2.0 | 18.00 | 284.00 | 302.00 | OK | |
r-patched-linux-x86_64 | 2.0 | 17.20 | 258.66 | 275.86 | OK | |
r-release-linux-x86_64 | 2.0 | 16.27 | 257.87 | 274.14 | OK | |
r-release-macos-arm64 | 2.0 | 127.00 | OK | |||
r-release-macos-x86_64 | 2.0 | 266.00 | OK | |||
r-release-windows-x86_64 | 2.0 | 17.00 | 299.00 | 316.00 | OK | |
r-oldrel-macos-arm64 | 2.0 | 110.00 | NOTE | |||
r-oldrel-macos-x86_64 | 2.0 | 182.00 | NOTE | |||
r-oldrel-windows-x86_64 | 2.0 | 24.00 | 364.00 | 388.00 | NOTE |
Version: 2.0
Check: installed package size
Result: NOTE
installed size is 7.3Mb
sub-directories of 1Mb or more:
doc 6.9Mb
Flavors: r-oldrel-macos-arm64, r-oldrel-macos-x86_64, r-oldrel-windows-x86_64