CRAN Package Check Results for Package mandelbrot

Last updated on 2025-04-29 04:50:08 CEST.

Flavor Version Tinstall Tcheck Ttotal Status Flags
r-devel-linux-x86_64-debian-clang 0.2.0 2.22 23.18 25.40 OK
r-devel-linux-x86_64-debian-gcc 0.2.0 1.82 19.97 21.79 OK
r-devel-linux-x86_64-fedora-clang 0.2.0 39.46 OK
r-devel-linux-x86_64-fedora-gcc 0.2.0 38.86 OK
r-devel-windows-x86_64 0.2.0 5.00 55.00 60.00 OK
r-patched-linux-x86_64 0.2.0 2.48 22.66 25.14 OK
r-release-linux-x86_64 0.2.0 2.14 22.56 24.70 OK
r-release-macos-arm64 0.2.0 22.00 OK
r-release-macos-x86_64 0.2.0 37.00 OK
r-release-windows-x86_64 0.2.0 6.00 55.00 61.00 OK
r-oldrel-macos-arm64 0.2.0 19.00 NOTE
r-oldrel-macos-x86_64 0.2.0 27.00 NOTE
r-oldrel-windows-x86_64 0.2.0 6.00 56.00 62.00 NOTE

Check Details

Version: 0.2.0
Check: LazyData
Result: NOTE 'LazyData' is specified without a 'data' directory Flavors: r-oldrel-macos-arm64, r-oldrel-macos-x86_64, r-oldrel-windows-x86_64