CRAN Package Check Results for Package manifold

Last updated on 2025-04-30 04:50:10 CEST.

Flavor Version Tinstall Tcheck Ttotal Status Flags
r-devel-linux-x86_64-debian-clang 0.1.1 39.38 67.22 106.60 NOTE
r-devel-linux-x86_64-debian-gcc 0.1.1 29.89 48.26 78.15 NOTE
r-devel-linux-x86_64-fedora-clang 0.1.1 182.36 NOTE
r-devel-linux-x86_64-fedora-gcc 0.1.1 180.11 NOTE
r-devel-windows-x86_64 0.1.1 48.00 104.00 152.00 NOTE
r-patched-linux-x86_64 0.1.1 44.82 62.81 107.63 NOTE
r-release-linux-x86_64 0.1.1 43.56 63.68 107.24 NOTE
r-release-macos-arm64 0.1.1 65.00 NOTE
r-release-macos-x86_64 0.1.1 102.00 NOTE
r-release-windows-x86_64 0.1.1 48.00 96.00 144.00 NOTE
r-oldrel-macos-arm64 0.1.1 48.00 NOTE
r-oldrel-macos-x86_64 0.1.1 73.00 NOTE
r-oldrel-windows-x86_64 0.1.1 54.00 121.00 175.00 NOTE

Check Details

Version: 0.1.1
Check: C++ specification
Result: NOTE Specified C++11: please drop specification unless essential Flavors: r-devel-linux-x86_64-debian-clang, r-devel-linux-x86_64-debian-gcc, r-devel-linux-x86_64-fedora-clang, r-devel-linux-x86_64-fedora-gcc, r-devel-windows-x86_64, r-patched-linux-x86_64, r-release-linux-x86_64, r-release-macos-arm64, r-release-macos-x86_64, r-release-windows-x86_64, r-oldrel-macos-arm64, r-oldrel-macos-x86_64, r-oldrel-windows-x86_64