Last updated on 2025-04-30 04:50:10 CEST.
Flavor | Version | Tinstall | Tcheck | Ttotal | Status | Flags |
---|---|---|---|---|---|---|
r-devel-linux-x86_64-debian-clang | 1.0.1 | 3.25 | 70.24 | 73.49 | NOTE | |
r-devel-linux-x86_64-debian-gcc | 1.0.1 | 2.31 | 53.14 | 55.45 | OK | |
r-devel-linux-x86_64-fedora-clang | 1.0.1 | 112.10 | OK | |||
r-devel-linux-x86_64-fedora-gcc | 1.0.1 | 121.88 | OK | |||
r-devel-windows-x86_64 | 1.0.1 | 5.00 | 101.00 | 106.00 | OK | |
r-patched-linux-x86_64 | 1.0.1 | 3.18 | 66.57 | 69.75 | OK | |
r-release-linux-x86_64 | 1.0.1 | 2.92 | 67.09 | 70.01 | OK | |
r-release-macos-arm64 | 1.0.1 | 147.00 | OK | |||
r-release-macos-x86_64 | 1.0.1 | 288.00 | OK | |||
r-release-windows-x86_64 | 1.0.1 | 4.00 | 118.00 | 122.00 | OK | |
r-oldrel-macos-arm64 | 1.0.1 | 281.00 | OK | |||
r-oldrel-macos-x86_64 | 1.0.1 | 367.00 | OK | |||
r-oldrel-windows-x86_64 | 1.0.1 | 6.00 | 120.00 | 126.00 | OK |
Version: 1.0.1
Check: examples
Result: NOTE
Examples with CPU (user + system) or elapsed time > 5s
user system elapsed
plot_india 5.677 0.183 7.252
Flavor: r-devel-linux-x86_64-debian-clang