Last updated on 2025-04-30 04:50:10 CEST.
Flavor | Version | Tinstall | Tcheck | Ttotal | Status | Flags |
---|---|---|---|---|---|---|
r-devel-linux-x86_64-debian-clang | 1.2.11 | 9.30 | 18.12 | 27.42 | NOTE | |
r-devel-linux-x86_64-debian-gcc | 1.2.11 | 7.59 | 15.30 | 22.89 | NOTE | |
r-devel-linux-x86_64-fedora-clang | 1.2.11 | 40.24 | OK | |||
r-devel-linux-x86_64-fedora-gcc | 1.2.11 | 38.29 | OK | |||
r-devel-windows-x86_64 | 1.2.11 | 24.00 | 48.00 | 72.00 | OK | |
r-patched-linux-x86_64 | 1.2.11 | 8.00 | 17.54 | 25.54 | OK | |
r-release-linux-x86_64 | 1.2.11 | 8.11 | 17.52 | 25.63 | OK | |
r-release-macos-arm64 | 1.2.11 | 26.00 | OK | |||
r-release-macos-x86_64 | 1.2.11 | 32.00 | OK | |||
r-release-windows-x86_64 | 1.2.11 | 30.00 | 44.00 | 74.00 | OK | |
r-oldrel-macos-arm64 | 1.2.11 | 28.00 | OK | |||
r-oldrel-macos-x86_64 | 1.2.11 | 27.00 | OK | |||
r-oldrel-windows-x86_64 | 1.2.11 | 27.00 | 46.00 | 73.00 | OK |
Version: 1.2.11
Check: CRAN incoming feasibility
Result: NOTE
Maintainer: ‘Alex Deckmyn <alex.deckmyn@meteo.be>’
No Authors@R field in DESCRIPTION.
Please add one, modifying
Authors@R: c(person(given = c("Doug", "McIlroy.", "Packaged", "for", "R", "by", "Ray"),
family = "Brownrigg",
role = "aut"),
person(given = c("Thomas", "P"),
family = "Minka",
role = "aut"),
person(given = c("transition", "to", "Plan", "9", "codebase", "by", "Roger"),
family = "Bivand.",
role = "aut"),
person(given = "Alex",
family = "Deckmyn",
role = "cre",
email = "alex.deckmyn@meteo.be"))
as necessary.
Flavors: r-devel-linux-x86_64-debian-clang, r-devel-linux-x86_64-debian-gcc