Last updated on 2025-04-30 04:50:10 CEST.
Flavor | Version | Tinstall | Tcheck | Ttotal | Status | Flags |
---|---|---|---|---|---|---|
r-devel-linux-x86_64-debian-clang | 1.9-7 | 4.45 | 24.04 | 28.49 | NOTE | |
r-devel-linux-x86_64-debian-gcc | 1.9-7 | 3.55 | 19.48 | 23.03 | NOTE | |
r-devel-linux-x86_64-fedora-clang | 1.9-7 | 45.38 | OK | |||
r-devel-linux-x86_64-fedora-gcc | 1.9-7 | 43.00 | OK | |||
r-devel-windows-x86_64 | 1.9-7 | 7.00 | 58.00 | 65.00 | OK | |
r-patched-linux-x86_64 | 1.9-7 | 4.30 | 23.00 | 27.30 | OK | |
r-release-linux-x86_64 | 1.9-7 | 4.12 | 23.34 | 27.46 | OK | |
r-release-macos-arm64 | 1.9-7 | 37.00 | OK | |||
r-release-macos-x86_64 | 1.9-7 | 44.00 | OK | |||
r-release-windows-x86_64 | 1.9-7 | 9.00 | 57.00 | 66.00 | OK | |
r-oldrel-macos-arm64 | 1.9-7 | 29.00 | OK | |||
r-oldrel-macos-x86_64 | 1.9-7 | 28.00 | OK | |||
r-oldrel-windows-x86_64 | 1.9-7 | 10.00 | 53.00 | 63.00 | OK |
Version: 1.9-7
Check: CRAN incoming feasibility
Result: NOTE
Maintainer: ‘Matt Taddy <mataddy@gmail.com>’
No Authors@R field in DESCRIPTION.
Please add one, modifying
Authors@R: person(given = "Matt",
family = "Taddy",
role = c("aut", "cre"),
email = "mataddy@gmail.com")
as necessary.
Package CITATION file contains call(s) to old-style personList() or
as.personList(). Please use c() on person objects instead.
Package CITATION file contains call(s) to old-style citEntry(). Please
use bibentry() instead.
Flavors: r-devel-linux-x86_64-debian-clang, r-devel-linux-x86_64-debian-gcc