Last updated on 2025-04-30 04:50:10 CEST.
Flavor | Version | Tinstall | Tcheck | Ttotal | Status | Flags |
---|---|---|---|---|---|---|
r-devel-linux-x86_64-debian-clang | 2.1.1 | 7.02 | 68.63 | 75.65 | NOTE | |
r-devel-linux-x86_64-debian-gcc | 2.1.1 | 5.88 | 52.61 | 58.49 | NOTE | |
r-devel-linux-x86_64-fedora-clang | 2.1.1 | 115.22 | OK | |||
r-devel-linux-x86_64-fedora-gcc | 2.1.1 | 112.52 | OK | |||
r-devel-windows-x86_64 | 2.1.1 | 8.00 | 85.00 | 93.00 | OK | |
r-patched-linux-x86_64 | 2.1.1 | 7.82 | 66.62 | 74.44 | OK | |
r-release-linux-x86_64 | 2.1.1 | 7.82 | 66.00 | 73.82 | OK | |
r-release-macos-arm64 | 2.1.1 | 38.00 | OK | |||
r-release-macos-x86_64 | 2.1.1 | 57.00 | OK | |||
r-release-windows-x86_64 | 2.1.1 | 8.00 | 100.00 | 108.00 | OK | |
r-oldrel-macos-arm64 | 2.1.1 | 38.00 | OK | |||
r-oldrel-macos-x86_64 | 2.1.1 | 72.00 | OK | |||
r-oldrel-windows-x86_64 | 2.1.1 | 11.00 | 102.00 | 113.00 | OK |
Version: 2.1.1
Check: CRAN incoming feasibility
Result: NOTE
Maintainer: ‘Andrey Paramonov <paramon@acdlabs.ru>’
No Authors@R field in DESCRIPTION.
Please add one, modifying
Authors@R: person(given = "Andrey",
family = "Paramonov",
role = c("aut", "cre"),
email = "paramon@acdlabs.ru")
as necessary.
Flavors: r-devel-linux-x86_64-debian-clang, r-devel-linux-x86_64-debian-gcc