Last updated on 2025-04-30 04:50:10 CEST.
Flavor | Version | Tinstall | Tcheck | Ttotal | Status | Flags |
---|---|---|---|---|---|---|
r-devel-linux-x86_64-debian-clang | 0.0.3 | 67.69 | 40.81 | 108.50 | NOTE | |
r-devel-linux-x86_64-debian-gcc | 0.0.3 | 45.80 | 29.42 | 75.22 | NOTE | |
r-devel-linux-x86_64-fedora-clang | 0.0.3 | 206.45 | OK | |||
r-devel-linux-x86_64-fedora-gcc | 0.0.3 | 185.14 | OK | |||
r-devel-windows-x86_64 | 0.0.3 | 73.00 | 96.00 | 169.00 | OK | |
r-patched-linux-x86_64 | 0.0.3 | 60.88 | 37.10 | 97.98 | OK | |
r-release-linux-x86_64 | 0.0.3 | 62.21 | 37.32 | 99.53 | OK | |
r-release-macos-arm64 | 0.0.3 | 72.00 | OK | |||
r-release-macos-x86_64 | 0.0.3 | 75.00 | OK | |||
r-release-windows-x86_64 | 0.0.3 | 72.00 | 89.00 | 161.00 | OK | |
r-oldrel-macos-arm64 | 0.0.3 | 46.00 | OK | |||
r-oldrel-macos-x86_64 | 0.0.3 | 68.00 | OK | |||
r-oldrel-windows-x86_64 | 0.0.3 | 81.00 | 102.00 | 183.00 | OK |
Version: 0.0.3
Check: examples
Result: NOTE
Examples with CPU (user + system) or elapsed time > 5s
user system elapsed
GxESelection 9.435 0.073 11.651
Flavor: r-devel-linux-x86_64-debian-clang
Version: 0.0.3
Check: examples
Result: NOTE
Examples with CPU (user + system) or elapsed time > 5s
user system elapsed
GxESelection 5.835 0.051 7.394
Flavor: r-devel-linux-x86_64-debian-gcc